MONTHLY CLIMATOLOGICAL SUMMARY for Januar     2005

CITY: Mannheim-Seckenheim    ELEV: 96 m  LAT: 49 27' 47"   LONG: 8 33' 26" 

    TEMPERATURE (C), BAROMETER (hPa), RAIN  (l/m), WIND SPEED (km/h)

        MEAN            TEMPERATURE                                              WIND                   DOM
 DAY    TEMP    HIGH   TIME     LOW   TIME     HUM       Baro      Rain    SPEED      HIGH   TIME       DIR
--------------------------------------------------------------------------------------------------------------
   1     6.5     8.4  14:59     5.3  01:49      90     1024.9       1.1      2.9      17.6  23:59      W-SW
   2     6.3     8.6  04:54     2.2  23:34      76     1022.9       4.3     12.0      30.5  04:59         W
   3     4.4     5.8  14:14     2.2  00:04      79     1033.2       0.0     10.5      24.0  03:19      W-SW
   4     5.5     7.8  13:39     1.5  23:59      80     1031.2       0.4      6.7      18.6  03:39      W-SW
   5     4.6     7.4  22:04     1.2  00:38      83     1028.5       1.1      7.3      21.0  12:39      W-SW
   6     7.2     9.8  12:44     2.7  20:29      84     1030.4       2.5      6.3      25.8  11:49         W
   7     8.1    10.0  15:09     4.8  00:04      83     1031.8       0.0      4.2      16.0  16:44      W-SW
   8     8.2    14.0  14:14     4.0  05:19      73     1022.9       0.4      9.7      34.6  16:14         W
   9     7.5    10.3  13:49     5.0  19:09      77     1028.2       0.0      2.8      18.5  13:34         W
  10     8.1    12.1  15:29     4.8  23:59      80     1026.4       0.0      3.2      17.6  09:54        SW
  11     7.5    10.0  14:14     4.9  00:04      82     1028.0       0.0      2.3      13.6  12:34      W-SW
  12     7.9     8.9  12:20     4.6  23:59      82     1025.0       1.1      3.1      15.1  08:05      W-SW
  13     4.6     7.2  14:34     1.3  21:59      79     1028.6       0.0      7.0      27.3  12:59         W
  14     1.6     5.2  15:34    -1.7  23:24      86     1032.0       0.0      0.2       5.4  04:54      O-NO
  15    -1.0     4.2  15:20    -4.4  08:24      85     1030.6       0.0      0.7      10.6  14:55      O-NO
  16    -3.1    -1.4  14:50    -5.5  08:04      91     1028.7       0.0      0.8       6.8  12:39      W-SW
  17     0.4     4.1  15:49    -3.0  00:04      88     1023.6       0.4      1.5       8.9  22:05        NO
  18     4.8     7.8  13:49     2.0  23:39      82     1003.5       3.2      8.2      27.1  18:34      W-SW
  19     3.8     6.6  13:45     1.8  00:19      78     1012.0       0.7      8.7      27.0  15:20      W-SW
  20     6.9    11.3  23:34     2.6  00:04      86     1008.7       0.7     16.2      36.9  20:19      W-SW
  21     7.0    11.3  00:04     4.1  23:54      68     1007.9       7.9     20.1      43.2  01:05         W
  22     3.4     6.3  15:05     1.5  05:29      77     1016.3       0.4      5.1      17.9  00:24      W-SW
  23     2.0     4.6  14:44    -0.9  09:04      78     1018.7       0.0      4.1      23.0  23:59         W
  24     0.5     2.0  00:04    -0.6  23:14      71     1016.7       1.0     12.1      30.3  00:20         N
  25    -0.8     0.7  13:34    -1.8  23:34      76     1020.3       0.0      9.9      21.2  18:19      N-NO
  26    -1.4     0.9  13:59    -3.2  23:49      68     1022.7       0.0     12.4      25.9  15:04      N-NO
  27    -2.3    -0.8  13:59    -4.2  02:35      69     1019.8       1.0      2.7      15.3  10:19      N-NO
  28    -2.6    -1.3  13:10    -4.1  23:49      83     1015.1       0.0      0.9       7.8  00:24        NO
  29    -3.7    -0.5  13:40    -7.7  06:49      76     1023.9       0.0      2.1      12.3  14:30        NO
  30    -3.5    -1.5  14:19    -6.5  02:45      76     1031.2       0.0      1.3       8.5  14:54        SW
  31     0.6     3.7  23:29    -2.2  00:45      83     1026.5       3.2      2.8      13.0  22:40      W-SW
--------------------------------------------------------------------------------------------------------------
Avg:     3.2    14.0      8    -7.7     29      80     1023.2      29.4      6.1      43.2     21      W-SW


Distribution WD Values         5529
Distribution WD N-NO        7.9%
Distribution WD NO          5.4%
Distribution WD NO-O        1.9%
Distribution WD O           1.0%
Distribution WD O-SO        0.3%
Distribution WD SO          0.5%
Distribution WD SO-S        0.4%
Distribution WD S           1.4%
Distribution WD S-SW        1.9%
Distribution WD SW          7.2%
Distribution WD SW-W       31.2%
Distribution WD W          27.4%
Distribution WD W-NW        2.1%
Distribution WD NW          1.7%
Distribution WD NW-N        2.1%
Distribution WD N           7.7%

Rain days >0.0 l/m Month     16
Rain days >2.0 l/m Month     5 
Rain days >20.0 l/m Month    0


Ice days    max <  0C      5
Cold days   min <= 0C     13
Cool days   max < 10C     24
Summer days max >=25C      0
Hot days    max >=30C      0 

Last year same Month: Ice days    max <  0C      2
Last year same Month: Cold days   min <= 0C     18
Last year same Month: Cool days   max < 10C     27
Last year same Month: Summer days max >=25C      0
Last year same Month: Hot days    max >=30C      0 

 1999-2005  Werner Krenn / Mischa Thurnherr - Wetterstation Bedien- und Auswertesoftware - V2.85.1