MONTHLY CLIMATOLOGICAL SUMMARY for Februar    2005

CITY: Mannheim-Seckenheim    ELEV: 96 m  LAT: 49 27' 47"   LONG: 8 33' 26" 

    TEMPERATURE (C), BAROMETER (hPa), RAIN  (l/m), WIND SPEED (km/h)

        MEAN            TEMPERATURE                                              WIND                   DOM
 DAY    TEMP    HIGH   TIME     LOW   TIME     HUM       Baro      Rain    SPEED      HIGH   TIME       DIR
--------------------------------------------------------------------------------------------------------------
   1     3.7     6.2  14:15     2.2  23:55      77     1023.5       2.2      7.6      19.7  13:50         W
   2     3.8     6.7  14:40     1.7  06:15      83     1028.2       1.1      5.8      25.5  14:25         W
   3     5.0     6.8  13:00     3.8  23:30      84     1030.7       1.4      5.3      20.5  12:20         W
   4     3.2     7.3  14:25     0.0  22:39      74     1032.4       0.0      4.4      23.0  16:00      O-NO
   5     0.5     4.2  15:05    -2.5  23:49      67     1026.2       0.0      4.4      15.5  04:45      O-NO
   6    -2.0     1.2  14:00    -5.2  07:59      80     1026.9       0.0      0.9       6.8  21:34         W
   7    -0.3     4.2  15:39    -3.1  08:45      77     1027.0       0.4      0.7       8.3  22:55         W
   8     1.2     4.7  14:39    -1.2  23:50      81     1029.3       0.7      0.7       6.7  15:29      N-NO
   9     0.6     8.5  15:15    -3.1  06:35      84     1032.0       0.0      0.6       7.9  14:20         W
  10     4.6     7.3  14:54     1.2  00:00      84     1029.0      15.1      4.4      15.7  13:29      W-SW
  11     6.6     6.9  04:39     6.2  00:00      92     1022.6      14.4      6.7      19.6  10:59      W-SW
  12     9.2    12.0  18:20     6.5  23:00      88     1006.2       3.6     16.1      39.6  19:50      W-SW
  13     4.1     6.8  00:19     1.8  16:40      75      998.7       1.1     16.0      36.8  09:30         W
  14     3.0     5.7  12:40     0.7  23:59      78     1003.6       3.2     13.0      26.0  04:00         W
  15     0.4     2.0  15:45    -0.9  08:25      84     1010.3       0.7      7.0      22.4  14:40         N
  16     0.3     1.7  12:49    -0.8  23:45      73     1019.6       0.0     12.4      26.1  15:29         N
  17     0.1     1.7  14:19    -0.9  04:45      77     1024.4       0.0      7.3      15.3  01:55         N
  18    -0.1     1.4  13:15    -1.1  07:15      65     1022.2       0.0      6.4      18.5  13:25      W-SW
  19    -0.2     2.0  13:40    -1.9  03:00      86     1010.9       7.9      2.6      19.0  00:40      W-SW
  20     1.3     5.9  13:40    -1.9  23:50      84     1007.9       0.0      0.8      10.3  13:40      W-SW
  21    -0.1     2.7  13:53    -2.5  01:09      85     1007.6       0.0      3.5      12.0  12:38      N-NO
  22    -0.7     0.7  13:34    -2.5  23:59      82     1006.6       1.6      8.3      16.1  10:49      N-NO
  23    -2.1     0.2  14:04    -4.1  21:09      86     1009.2       2.0      2.0       9.1  07:09        NW
  24    -2.0     2.2  15:10    -5.7  05:29      82     1014.1       0.0      0.7       8.3  21:15      O-NO
  25    -1.8     3.7  14:44    -5.8  07:39      75     1015.9       0.0      1.9      11.5  13:24         N
  26    -1.3     3.8  15:15    -6.5  05:05      81     1013.8       2.8      1.6      10.6  16:05      W-NW
  27    -2.5     0.5  14:15    -7.2  23:50      71     1016.2       1.2      9.3      25.6  12:30      N-NO
  28    -6.4    -0.7  12:54   -10.4  06:49      69     1022.9       0.0      2.2      11.9  10:04         N
--------------------------------------------------------------------------------------------------------------
Avg:     1.0    12.0     12   -10.4     28      79     1018.5      59.4      5.4      39.6     12         W


Distribution WD Values         4780
Distribution WD N-NO       12.0%
Distribution WD NO          9.9%
Distribution WD NO-O        5.2%
Distribution WD O           2.1%
Distribution WD O-SO        0.2%
Distribution WD SO          0.1%
Distribution WD SO-S        0.1%
Distribution WD S           0.5%
Distribution WD S-SW        0.5%
Distribution WD SW          3.9%
Distribution WD SW-W       16.9%
Distribution WD W          21.2%
Distribution WD W-NW        4.9%
Distribution WD NW          3.7%
Distribution WD NW-N        4.1%
Distribution WD N          14.6%

Rain days >0.0 l/m Month     16
Rain days >2.0 l/m Month     7
Rain days >20.0 l/m Month    0


Ice days    max <  0C      1
Cold days   min <= 0C     19
Cool days   max < 10C     27
Summer days max >=25C      0
Hot days    max >=30C      0

Last year same Month: Ice days    max <  0C      0
Last year same Month: Cold days   min <= 0C     14
Last year same Month: Cool days   max < 10C     21
Last year same Month: Summer days max >=25C      0
Last year same Month: Hot days    max >=30C      0

 1999-2005  Werner Krenn / Mischa Thurnherr - Wetterstation Bedien- und Auswertesoftware - V2.85.6