MONTHLY CLIMATOLOGICAL SUMMARY for Mrz       2005

CITY: Mannheim-Seckenheim    ELEV: 96 m  LAT: 49 27' 47"   LONG: 8 33' 26" 

    TEMPERATURE (C), BAROMETER (hPa), RAIN  (l/m), WIND SPEED (km/h)

        MEAN            TEMPERATURE                                              WIND                   DOM
 DAY    TEMP    HIGH   TIME     LOW   TIME     HUM       Baro      Rain    SPEED      HIGH   TIME       DIR
--------------------------------------------------------------------------------------------------------------
   1    -6.3     0.3  14:25   -11.6  06:00      64     1013.7       0.0      1.8      11.7  14:55      W-SW
   2    -4.2     2.0  16:00    -8.7  06:05      57     1007.7       0.0      2.3      11.6  14:30        NO
   3    -2.1     5.7  15:45    -9.2  06:55      62     1008.4       0.0      2.8      13.0  17:20      N-NO
   4    -1.1     4.7  15:15    -6.0  07:30      65     1012.1       0.0      2.5      12.8  02:00         N
   5    -0.5     1.7  14:10    -2.9  03:20      81     1006.0       3.0      1.2       7.9  21:35        NO
   6    -2.3     0.7  15:40    -6.9  23:50      72     1017.9       0.8      6.0      20.1  14:35      N-NO
   7    -2.5     2.2  15:40    -7.3  01:35      81     1022.1       0.0      2.5      13.6  14:00      W-SW
   8     2.8     5.7  13:50     0.2  00:00      84     1022.1       1.1      7.0      21.3  16:15         W
   9     4.2     6.1  13:25     2.7  05:45      81     1026.0       2.2      8.7      22.0  13:35         W
  10     2.6     7.4  15:50    -2.1  23:50      74     1028.4       0.0      2.4      12.6  15:35        NO
  11     2.2     6.0  23:45    -2.8  04:20      76     1015.1       0.0     10.5      35.6  17:45      W-SW
  12     3.7     7.1  15:21     0.7  09:00      76     1004.2       9.0     12.9      37.3  01:35         W
  13     3.7     8.2  16:00     1.1  21:55      69     1012.7       0.0      6.1      23.5  14:35      W-SW
  14     4.8    11.1  15:00    -0.5  06:55      64     1015.6       0.0      2.2      17.3  15:30      W-SW
  15     7.5    15.8  16:10     0.1  07:05      64     1022.6       0.0      2.3      14.8  11:55         W
  16    12.1    21.6  15:41     4.8  04:55      63     1025.8       0.0      3.8      20.1  16:36      W-SW
  17    13.6    20.4  13:56     8.5  02:06      62     1026.3       0.0      8.6      34.9  13:51         W
  18    14.3    22.8  15:21     7.3  06:56      64     1027.1       0.0      5.0      20.1  15:56         W
  19    13.5    16.5  15:50    11.3  23:50      73     1023.8       0.0      4.6      13.6  14:46      N-NO
  20    10.2    14.4  15:05     5.0  23:45      66     1021.8       0.0      3.7      17.1  12:46        NO
  21     9.3    16.9  15:55     1.5  06:10      54     1017.2       0.0      6.1      20.5  17:05      O-NO
  22    11.5    16.9  15:35     4.1  07:00      51     1013.9       2.2      3.1      11.0  03:11         W
  23    13.3    19.0  16:30     9.6  23:15      78     1018.9       0.4      1.4      10.5  13:15      O-NO
  24    11.3    15.8  15:11     5.5  06:40      79     1017.6       0.0      2.2      13.3  13:31        NO
  25    12.1    15.3  16:55     7.1  23:55      81     1016.8       5.8      3.2      15.2  10:56         W
  26    10.6    18.1  12:41     3.9  06:40      81     1009.1       1.1      2.2      11.8  12:10      O-NO
  27    12.5    17.6  14:30     7.7  06:10      80     1006.3       0.4      1.9      11.2  19:30      W-SW
  28    12.4    18.2  16:41     8.9  05:55      81     1011.7       1.4      1.8      13.1  15:36      W-SW
  29    12.8    18.3  14:20     8.6  06:55      78     1013.0       2.5      2.2      11.6  19:55        NO
  30    10.8    13.2  15:56     7.9  04:25      90     1014.7       5.8      0.2       3.7  17:06      N-NO
  31    11.1    15.9  16:16     6.6  23:11      81     1021.7       0.4      2.2      13.7  17:21      N-NO
--------------------------------------------------------------------------------------------------------------
Avg:     6.6    22.8     18   -11.6      1      72     1016.8      35.8      4.0      37.3     12         W


Distribution WD Values         4321
Distribution WD N-NO        7.9%
Distribution WD NO         10.7%
Distribution WD NO-O        8.8%
Distribution WD O           4.1%
Distribution WD O-SO        0.6%
Distribution WD SO          0.7%
Distribution WD SO-S        0.5%
Distribution WD S           0.8%
Distribution WD S-SW        1.2%
Distribution WD SW          5.3%
Distribution WD SW-W       22.3%
Distribution WD W          23.9%
Distribution WD W-NW        2.9%
Distribution WD NW          2.5%
Distribution WD NW-N        2.1%
Distribution WD N           5.8%

Rain days >0.0 l/m Month     14
Rain days >2.0 l/m Month     7
Rain days >20.0 l/m Month    0


Ice days    max <  0C      0
Cold days   min <= 0C     10
Cool days   max < 10C     13
Summer days max >=25C      0
Hot days    max >=30C      0

Last year same Month: Ice days    max <  0C      0
Last year same Month: Cold days   min <= 0C     15
Last year same Month: Cool days   max < 10C     15
Last year same Month: Summer days max >=25C      0
Last year same Month: Hot days    max >=30C      0

 1999-2005  Werner Krenn / Mischa Thurnherr - Wetterstation Bedien- und Auswertesoftware - V2.85.6