MONTHLY CLIMATOLOGICAL SUMMARY for April      2005

CITY: Mannheim-Seckenheim    ELEV: 96 m  LAT: 49 27' 47"   LONG: 8 33' 26" 

    TEMPERATURE (C), BAROMETER (hPa), RAIN  (l/m), WIND SPEED (km/h)

        MEAN            TEMPERATURE                                              WIND                   DOM
 DAY    TEMP    HIGH   TIME     LOW   TIME     HUM       Baro      Rain    SPEED      HIGH   TIME       DIR
--------------------------------------------------------------------------------------------------------------
   1    10.1    17.2  16:20     2.3  07:25      52     1025.8       0.0      4.8      15.8  19:05      O-NO
   2    11.9    20.5  16:46     3.6  07:25      43     1022.9       0.0      4.3      17.1  16:46      O-NO
   3    12.1    21.9  16:35     3.1  06:45      48     1023.3       0.0      1.7      11.7  14:15         W
   4    12.1    22.0  15:50     5.2  07:15      59     1023.5       0.0      1.8      14.6  11:10      W-SW
   5    10.5    13.0  17:41     8.4  01:55      70     1024.5       0.0      1.7      11.2  13:51         N
   6    12.2    17.8  14:46     7.2  07:36      74     1020.5       0.4      5.1      22.2  20:36      W-SW
   7    11.9    14.3  12:01     8.1  23:41      79     1007.5       6.1      9.9      24.5  06:30      W-SW
   8     8.9    13.4  17:06     7.2  06:56      77     1003.9       2.5      5.7      20.1  19:56      W-SW
   9     5.6     8.0  17:51     0.9  23:51      71     1013.9       2.2      9.7      29.5  16:01      N-NO
  10     6.2    12.0  14:46     1.0  00:01      72     1024.7       0.7      1.5      12.3  16:11         W
  11     9.8    16.8  16:21     3.0  06:16      65     1026.5       0.0      7.5      20.0  14:51      N-NO
  12    10.5    15.7  15:06     4.8  06:56      60     1020.5       0.0      4.9      14.9  15:36        NO
  13    12.8    18.7  14:40     9.1  04:40      61     1012.5       0.0      1.6      14.8  14:00         W
  14    13.7    20.9  16:05     8.9  23:56      61     1006.9       0.0      1.6      10.8  15:15      W-SW
  15    12.8    23.1  15:16     5.4  07:01      71     1003.8       9.4      3.0      17.6  16:06         W
  16    14.3    22.4  16:05     8.2  07:21      70      998.9       3.6      7.7      24.5  14:10         N
  17    14.7    18.7  16:41    11.1  22:36      72      996.1       7.9      5.5      18.6  06:06      N-NO
  18    13.2    17.7  17:01    10.6  04:06      80     1001.1       0.0      1.4      10.6  11:31      W-SW
  19    11.0    13.2  00:01     8.9  23:46      86     1003.2      18.4      5.1      18.4  14:01         W
  20     7.9     8.9  00:06     5.8  23:56      89     1008.6      11.2      5.5      21.0  08:46      W-NW
  21     7.4    14.0  16:31     1.0  06:41      61     1017.4       0.0      4.9      17.1  12:26      N-NO
  22     8.5    16.9  17:11     0.0  06:41      59     1016.4       0.0      2.2      11.3  14:21        NO
  23    11.0    20.2  15:31     2.2  06:21      67     1011.9       0.7      2.8      23.8  17:46      W-SW
  24    13.8    18.1  16:36    10.9  04:51      80     1010.0       1.8      1.3      10.8  19:41        SW
  25    12.2    15.0  15:31    10.3  22:46      88     1007.4      12.6      4.4      24.6  17:51      W-SW
  26    13.5    18.9  13:51    10.1  05:46      77     1014.6       2.9      3.9      20.1  19:41      W-SW
  27    13.0    16.6  14:56     8.4  23:57      74     1016.9       3.2      7.0      31.7  13:56      W-SW
  28    13.3    20.9  16:16     5.6  06:01      64     1022.0       0.0      1.4      10.2  13:16      W-SW
  29    16.7    24.0  16:21    10.5  03:26      67     1019.9       0.4      1.7      12.1  15:41      W-SW
  30    19.1    27.4  16:56    10.6  06:36      67     1015.7       0.0      2.4      12.0  15:21        NO
--------------------------------------------------------------------------------------------------------------
Avg:    11.7    27.4     30     0.0     22      69     1014.0      83.9      4.1      31.7     27      W-SW


Distribution WD Values         4385
Distribution WD N-NO       11.7%
Distribution WD NO         11.3%
Distribution WD NO-O        7.8%
Distribution WD O           3.7%
Distribution WD O-SO        0.6%
Distribution WD SO          0.7%
Distribution WD SO-S        0.4%
Distribution WD S           1.0%
Distribution WD S-SW        1.3%
Distribution WD SW          5.8%
Distribution WD SW-W       18.9%
Distribution WD W          16.9%
Distribution WD W-NW        3.7%
Distribution WD NW          3.1%
Distribution WD NW-N        3.2%
Distribution WD N           9.8%

Rain days >0.0 l/m Month     16
Rain days >2.0 l/m Month     11
Rain days >20.0 l/m Month    0


Ice days    max <  0C      0
Cold days   min <= 0C      0
Cool days   max < 10C      2
Summer days max >=25C      1
Hot days    max >=30C      0

Last year same Month: Ice days    max <  0C      0
Last year same Month: Cold days   min <= 0C      0
Last year same Month: Cool days   max < 10C      0
Last year same Month: Summer days max >=25C      3
Last year same Month: Hot days    max >=30C      0

 1999-2005  Werner Krenn / Mischa Thurnherr - Wetterstation Bedien- und Auswertesoftware - V2.85.9