MONTHLY CLIMATOLOGICAL SUMMARY for Juni       2005

CITY: Mannheim-Seckenheim    ELEV: 96 m  LAT: 49 27' 47"   LONG: 8 33' 26" 

    TEMPERATURE (C), BAROMETER (hPa), RAIN  (l/m), WIND SPEED (km/h)

        MEAN            TEMPERATURE                                              WIND                   DOM
 DAY    TEMP    HIGH   TIME     LOW   TIME     HUM       Baro      Rain    SPEED      HIGH   TIME       DIR
--------------------------------------------------------------------------------------------------------------
   1    16.2    22.6  16:19     9.7  02:29      55     1022.9       0.0      4.0      15.5  15:09        NO
   2    18.6    26.8  16:04     8.8  05:39      55     1017.8       0.0      2.7      13.3  17:19      W-SW
   3    21.8    31.5  15:44    12.1  05:24      55     1011.8       1.1      4.9      32.7  20:39         W
   4    19.1    22.4  15:34    15.0  23:39      57     1014.4       0.0     12.5      27.9  14:34         W
   5    16.5    21.4  13:59    10.8  05:59      57     1018.1       0.0     10.7      25.8  12:24         W
   6    15.8    20.5  15:44    12.3  05:39      66     1019.3       7.9      6.0      21.0  21:19         W
   7    12.6    16.3  17:29     8.5  05:09      54     1029.2       0.0     10.9      27.0  10:14         N
   8    13.8    19.4  16:45     7.3  05:34      52     1033.1       0.0      6.8      18.3  13:00      N-NO
   9    14.8    20.4  15:49     8.5  05:24      48     1028.8       0.0      5.8      18.5  13:44        NO
  10    14.3    20.9  14:09     6.4  05:39      59     1020.7       0.0      2.2      12.8  14:39         W
  11    13.2    15.7  17:34     9.5  02:29      63     1014.0       0.0      6.2      18.4  19:20      N-NO
  12    14.4    20.7  17:14     6.1  05:55      54     1010.6       0.0      4.0      16.1  12:34        NO
  13    17.9    25.6  17:19     8.8  02:34      53     1007.1       0.0      5.8      22.6  14:55         W
  14    16.4    19.0  10:54    13.0  05:59      71     1011.7       0.4      1.1       6.9  18:19        NO
  15    18.4    28.0  16:15    10.3  04:59      68     1018.5       0.4      2.4      13.6  16:20         W
  16    20.4    26.2  17:20    14.0  03:45      62     1022.9       0.0      4.0      16.8  16:35         W
  17    21.2    26.6  15:00    16.0  01:45      68     1026.2       0.0      3.3      12.6  15:15         N
  18    23.6    28.9  17:25    19.4  05:50      54     1024.7       0.0      7.7      17.0  15:20      N-NO
  19    23.4    32.1  16:44    12.7  06:14      42     1020.0       0.0      3.9      14.2  14:09        NO
  20    25.3    34.2  15:59    15.0  04:50      48     1016.1       0.0      2.7      14.0  18:24        NO
  21    26.5    35.3  16:44    17.0  05:25      49     1015.6       0.0      3.4      24.7  20:34         W
  22    24.8    29.9  16:55    20.0  06:05      52     1020.0       0.0      7.9      22.0  13:10         N
  23    25.2    33.1  16:30    15.9  05:55      50     1019.2       0.0      3.2      14.7  16:45      O-NO
  24    27.5    35.6  16:25    20.3  04:35      49     1013.6       0.0      4.1      19.5  15:30         W
  25    25.5    32.6  13:55    20.6  06:10      63     1014.9       2.2      6.5      21.2  01:15         W
  26    23.9    29.4  16:15    18.7  05:40      65     1021.0       0.0      7.7      16.1  16:40        NO
  27    25.5    32.3  16:00    17.4  06:05      58     1019.4       0.0      4.1      16.5  16:45        NO
  28    26.4    33.5  16:30    19.4  05:45      53     1014.7       0.0      5.5      15.0  13:20      N-NO
  29    23.6    31.0  15:55    18.1  21:05      65     1008.2      36.4      4.7      24.5  19:25         W
  30    21.5    27.6  15:00    15.6  04:30      68     1009.1       0.0      6.9      20.8  15:40         W
--------------------------------------------------------------------------------------------------------------
Avg:    20.3    35.6     24     6.1     12      57     1018.1      48.2      5.4      32.7      3         W


Distribution WD Values         5577
Distribution WD N-NO       14.3%
Distribution WD NO         14.9%
Distribution WD NO-O        6.4%
Distribution WD O           2.2%
Distribution WD O-SO        0.5%
Distribution WD SO          0.3%
Distribution WD SO-S        0.3%
Distribution WD S           0.4%
Distribution WD S-SW        0.8%
Distribution WD SW          3.9%
Distribution WD SW-W       13.8%
Distribution WD W          17.8%
Distribution WD W-NW        3.4%
Distribution WD NW          3.7%
Distribution WD NW-N        4.4%
Distribution WD N          12.9%

Rain days >0.0 l/m Month     6
Rain days >2.0 l/m Month     3
Rain days >20.0 l/m Month    1


Ice days    max <  0C      0
Cold days   min <= 0C      0
Cool days   max < 10C      0
Summer days max >=25C     19
Hot days    max >=30C     10

Last year same Month: Ice days    max <  0C      0
Last year same Month: Cold days   min <= 0C      0
Last year same Month: Cool days   max < 10C      0
Last year same Month: Summer days max >=25C     14
Last year same Month: Hot days    max >=30C      4

 1999-2005  Werner Krenn / Mischa Thurnherr - Wetterstation Bedien- und Auswertesoftware - V2.85.9