MONTHLY CLIMATOLOGICAL SUMMARY for Juli       2005

CITY: Mannheim-Seckenheim    ELEV: 96 m  LAT: 49 27' 47"   LONG: 8 33' 26" 

    TEMPERATURE (C), BAROMETER (hPa), RAIN  (l/m), WIND SPEED (km/h)

        MEAN            TEMPERATURE                                              WIND                   DOM
 DAY    TEMP    HIGH   TIME     LOW   TIME     HUM       Baro      Rain    SPEED      HIGH   TIME       DIR
--------------------------------------------------------------------------------------------------------------
   1    19.0    22.5  18:20    15.0  05:49      72     1013.8       8.6      9.5      31.5  13:35         W
   2    18.9    22.9  14:00    16.1  05:45      80     1020.8       1.4      2.4      14.6  11:56      W-SW
   3    22.7    29.5  16:35    16.9  06:30      69     1017.9       0.0      1.7      10.3  18:25      O-NO
   4    21.5    29.7  12:55    15.0  23:20      66     1009.6       4.7      5.9      35.8  18:26         W
   5    17.9    23.1  17:05    13.0  06:30      55     1014.4       0.0      8.4      24.5  18:30         W
   6    16.5    21.1  15:35    12.5  02:11      68     1010.8       1.1      4.5      17.6  18:30      W-SW
   7    15.2    19.6  14:50    12.6  07:50      77     1011.8      16.2      5.5      19.3  16:05      W-SW
   8    15.4    21.5  15:10    12.2  23:56      76     1014.8      16.6      1.8      14.5  12:35      O-NO
   9    17.5    24.4  17:35     9.7  05:45      70     1018.2       0.0      3.8      15.0  15:40        NO
  10    19.6    26.4  15:56    14.4  05:51      72     1020.7       1.4      5.9      18.6  15:56         N
  11    22.1    28.8  16:45    13.7  06:05      58     1023.5       0.0      7.1      25.0  16:45      N-NO
  12    22.0    29.0  14:55    14.7  05:35      58     1023.6       0.0      4.2      25.7  15:55        NO
  13    23.7    32.0  16:40    15.0  05:35      55     1020.9       0.0      3.6      21.3  15:10        NO
  14    24.8    33.6  16:06    15.3  05:55      55     1019.0       0.0      2.1      11.8  16:31      W-SW
  15    25.0    33.0  16:35    16.8  05:00      55     1014.7       1.8      5.5      22.9  11:10         W
  16    24.3    31.7  16:26    17.6  06:20      63     1013.3       1.8      4.3      23.1  12:31        NO
  17    23.8    30.6  17:15    16.1  05:51      54     1014.0       0.0      4.5      33.0  14:51        NO
  18    23.7    31.2  14:36    16.0  06:11      57     1009.0       0.0      5.2      24.3  20:31      W-SW
  19    20.4    22.8  16:51    18.8  23:56      64     1015.8       7.2     10.2      28.3  14:15         W
  20    19.1    23.7  14:05    15.5  23:56      64     1020.2       3.2     10.6      31.5  18:56      W-SW
  21    18.5    24.8  16:26    11.4  05:55      64     1017.5       0.0     10.0      28.5  17:31         W
  22    17.7    20.7  13:16    15.9  23:45      67     1013.1       0.7      6.0      17.0  13:36         W
  23    18.8    25.2  17:20    12.6  06:51      59     1010.7       0.0      6.5      22.8  14:20         W
  24    18.9    24.7  11:36    12.5  05:41      68     1009.0       3.6      2.5      15.4  13:06         W
  25    20.0    23.6  14:46    17.4  01:41      80     1007.5       0.7      5.7      19.2  12:11      W-SW
  26    20.6    26.2  15:11    16.5  05:05      72     1010.9       0.0      4.0      16.3  12:36      W-SW
  27    24.9    34.5  17:05    15.0  06:01      63     1010.4       0.0      2.9      14.0  16:55         W
  28    27.8    36.7  16:46    20.7  02:51      55     1010.4       0.0      4.4      18.6  16:46         W
  29    24.3    29.9  14:25    18.8  23:50      66     1012.5       9.0      7.1      29.5  03:51         W
  30    21.2    27.4  15:01    16.5  23:56      68     1014.0       0.0      5.8      23.3  20:11      W-SW
  31    20.3    27.2  16:26    13.8  06:36      60     1014.7       0.0      7.6      24.1  13:51         W
--------------------------------------------------------------------------------------------------------------
Avg:    20.9    36.7     28     9.7      9      65     1014.8      78.1      5.5      35.8      4         W


Distribution WD Values         5532
Distribution WD N-NO        8.3%
Distribution WD NO          9.9%
Distribution WD NO-O        5.2%
Distribution WD O           2.2%
Distribution WD O-SO        0.3%
Distribution WD SO          0.3%
Distribution WD SO-S        0.2%
Distribution WD S           0.8%
Distribution WD S-SW        1.3%
Distribution WD SW          7.1%
Distribution WD SW-W       22.7%
Distribution WD W          26.8%
Distribution WD W-NW        4.3%
Distribution WD NW          2.3%
Distribution WD NW-N        2.3%
Distribution WD N           5.9%

Rain days >0.0 l/m Month     15
Rain days >2.0 l/m Month     8
Rain days >20.0 l/m Month    0


Ice days    max <  0C      0
Cold days   min <= 0C      0
Cool days   max < 10C      0
Summer days max >=25C     18
Hot days    max >=30C      8

Last year same Month: Ice days    max <  0C      0
Last year same Month: Cold days   min <= 0C      0
Last year same Month: Cool days   max < 10C      0
Last year same Month: Summer days max >=25C     16
Last year same Month: Hot days    max >=30C      7

 1999-2005  Werner Krenn / Mischa Thurnherr - Wetterstation Bedien- und Auswertesoftware - V2.85.11