MONTHLY CLIMATOLOGICAL SUMMARY for August     2005

CITY: Mannheim-Seckenheim    ELEV: 96 m  LAT: 49 27' 47"   LONG: 8 33' 26" 

    TEMPERATURE (C), BAROMETER (hPa), RAIN  (l/m), WIND SPEED (km/h)

        MEAN            TEMPERATURE                                              WIND                   DOM
 DAY    TEMP    HIGH   TIME     LOW   TIME     HUM       Baro      Rain    SPEED      HIGH   TIME       DIR
--------------------------------------------------------------------------------------------------------------
   1    20.6    27.2  17:11    13.0  06:21      62     1016.9       0.0      4.6      16.4  18:11      N-NO
   2    17.8    20.5  00:01    15.1  09:51      77     1018.1       3.2      6.2      17.7  15:11         N
   3    20.4    26.5  16:01    16.2  06:01      62     1019.2       0.0      7.7      22.5  23:51         W
   4    18.8    24.4  15:16    12.8  06:41      58     1023.9       0.0      5.4      17.6  20:06         N
   5    18.0    25.2  13:21    10.4  06:11      65     1020.5       0.0      4.6      19.9  21:06         W
   6    18.3    21.8  16:01    13.7  23:51      60     1017.4       0.4     10.5      23.3  22:01         W
   7    15.1    20.3  16:21    11.4  04:11      67     1014.2       1.4      7.3      25.0  11:41         W
   8    14.3    20.9  15:36    11.0  07:01      76     1016.3       6.5      3.8      21.5  14:41      W-SW
   9    16.3    22.6  16:46    11.9  05:46      70     1015.5       0.4      4.2      19.5  15:56         W
  10    16.7    23.0  17:21    11.6  01:21      62     1013.6       0.0      5.5      26.2  18:26         W
  11    16.7    24.5  17:01     9.0  06:46      67     1014.8       0.0      3.2      22.8  13:11         W
  12    18.7    27.5  14:46    15.1  23:51      73     1013.6       5.4      3.4      26.8  15:31      W-SW
  13    17.9    24.2  15:46    12.3  06:51      69     1018.1       0.4      3.0      11.6  14:41         W
  14    15.5    19.4  15:21    12.6  23:46      82     1013.7      18.4      4.5      27.5  15:26         W
  15    15.0    21.3  17:06    11.4  05:56      87     1017.9      11.2      3.1      18.8  18:36      W-NW
  16    18.4    23.6  15:05    13.5  06:31      76     1020.6       0.0      4.8      16.5  14:50        NO
  17    19.9    26.8  16:02    12.8  06:52      68     1019.3       0.0      5.4      19.3  18:27      O-NO
  18    22.6    29.8  16:53    17.1  06:43      63     1014.7       0.0      6.3      19.3  13:32      O-NO
  19    21.8    29.1  14:53    16.7  06:24      70     1014.1       1.4      3.9      34.4  18:09      W-SW
  20    18.8    22.1  13:44    16.0  07:03      74     1017.4       0.0      3.2      18.0  11:34         W
  21    18.1    21.7  18:59    16.0  05:14      80     1015.7       0.4      9.8      20.8  23:54         N
  22    20.2    25.1  15:19    17.6  23:49      75     1012.3       0.0     14.4      25.0  20:49         N
  23    20.0    25.0  16:34    16.7  03:24      70     1013.3       2.5      6.8      19.9  13:34      W-NW
  24    19.5    24.5  16:54    16.6  23:39      72     1014.0       0.0      2.9      12.9  01:44         W
  25    16.8    18.9  12:18    14.9  23:24      86     1008.9       5.4      3.9      20.8  12:48      W-SW
  26    16.1    22.7  14:04     9.9  06:39      68     1017.2       0.0      5.3      24.1  13:14         W
  27    15.8    22.7  15:24     8.9  06:14      67     1019.0       0.0      2.4      12.4  18:59        NO
  28    18.2    26.5  16:14    10.7  07:04      61     1021.2       0.0      3.5      16.0  12:09         N
  29    19.7    30.1  16:39    10.0  06:29      64     1023.1       0.0      2.9      11.1  15:49        NO
  30    22.4    32.2  15:49    13.7  07:14      61     1023.1       0.0      2.3      14.1  17:34      O-NO
  31    22.8    31.7  16:04    14.9  07:04      63     1017.2       0.0      3.0      13.6  15:44        NO
--------------------------------------------------------------------------------------------------------------
Avg:    18.4    32.2     30     8.9     27      70     1016.9      56.9      5.1      34.4     19         W


Distribution WD Values         5266
Distribution WD N-NO       10.5%
Distribution WD NO         10.7%
Distribution WD NO-O        7.0%
Distribution WD O           3.5%
Distribution WD O-SO        0.5%
Distribution WD SO          0.3%
Distribution WD SO-S        0.2%
Distribution WD S           0.5%
Distribution WD S-SW        0.7%
Distribution WD SW          3.2%
Distribution WD SW-W       11.3%
Distribution WD W          18.9%
Distribution WD W-NW        7.5%
Distribution WD NW          6.9%
Distribution WD NW-N        5.1%
Distribution WD N          13.2%

Rain days >0.0 l/m Month     13
Rain days >2.0 l/m Month     7
Rain days >20.0 l/m Month    0


Ice days    max <  0C      0
Cold days   min <= 0C      0
Cool days   max < 10C      0
Summer days max >=25C     13
Hot days    max >=30C      3

Last year same Month: Ice days    max <  0C      0
Last year same Month: Cold days   min <= 0C      0
Last year same Month: Cool days   max < 10C      0
Last year same Month: Summer days max >=25C     20
Last year same Month: Hot days    max >=30C     12

 1999-2005  Werner Krenn / Mischa Thurnherr - Wetterstation Bedien- und Auswertesoftware - V2.85.11