MONTHLY CLIMATOLOGICAL SUMMARY for September  2005

CITY: Mannheim-Seckenheim    ELEV: 96 m  LAT: 49 27' 47"   LONG: 8 33' 26" 

    TEMPERATURE (C), BAROMETER (hPa), RAIN  (l/m), WIND SPEED (km/h)

        MEAN            TEMPERATURE                                              WIND                   DOM
 DAY    TEMP    HIGH   TIME     LOW   TIME     HUM       Baro      Rain    SPEED      HIGH   TIME       DIR
--------------------------------------------------------------------------------------------------------------
   1    23.4    30.9  14:24    16.2  06:39      69     1015.0       0.0      3.9      20.2  14:04      W-SW
   2    22.6    27.4  17:19    18.0  06:14      68     1022.6       0.0      3.5      18.0  15:49        NO
   3    22.9    28.8  16:24    18.7  07:04      64     1025.6       0.0      5.8      15.8  22:09        NO
   4    21.9    29.8  15:59    15.5  07:14      62     1023.2       0.0      5.0      16.5  13:54        NO
   5    21.3    29.8  15:49    13.7  07:18      57     1016.2       0.0      3.1      12.3  16:44      O-NO
   6    22.2    30.6  15:34    15.7  06:34      64     1011.5       0.0      2.1      12.7  14:14         O
   7    21.7    31.7  15:54    14.0  07:14      62     1011.4       0.0      1.4      11.5  14:59         W
   8    22.9    32.1  15:49    16.1  07:09      60     1014.0       0.0      1.7      10.5  16:49      O-NO
   9    21.2    26.3  16:59    16.9  07:34      68     1009.9       0.0      1.2       9.4  17:09      W-SW
  10    19.9    23.6  17:04    17.1  07:39      83     1009.7       0.4      0.6       9.9  10:29      O-NO
  11    19.1    21.7  15:04    17.5  23:50      84     1009.3       0.0      0.9      11.0  00:14         W
  12    17.9    20.1  13:00    16.3  23:50      89     1013.8      11.2      3.6      17.6  18:15         N
  13    18.3    22.9  15:39    15.3  07:19      78     1023.2       0.0      5.1      14.1  15:04         N
  14    18.2    23.3  15:55    13.6  04:20      75     1023.3       0.0      3.0      18.9  13:30      W-SW
  15    19.7    24.1  15:00    17.2  07:50      75     1018.1       0.0      7.7      19.8  16:10      W-SW
  16    16.1    19.7  12:04    11.0  23:59      83     1007.6      12.2      8.3      22.2  09:39      W-SW
  17    11.8    17.2  16:30     8.4  04:34      73     1018.5       0.0      7.9      19.4  17:00      N-NO
  18    12.1    19.4  15:45     5.7  05:54      65     1024.8       0.0      8.3      25.5  13:55        NO
  19    13.1    20.2  15:49     8.1  07:24      58     1024.0       0.0      7.8      21.6  14:39        NO
  20    12.0    21.0  15:55     5.0  06:50      67     1023.8       0.0      2.3      11.9  17:35        NO
  21    12.4    22.3  16:29     5.0  07:19      69     1022.5       0.0      2.9      15.9  13:09      O-NO
  22    13.7    23.0  16:25     6.8  07:35      69     1020.3       0.0      1.7      13.5  13:30      O-NO
  23    14.5    23.9  16:00     7.8  07:25      74     1017.2       0.0      1.8      12.4  16:35      W-SW
  24    16.1    25.2  15:14    10.8  02:09      72     1017.1       0.0      1.3       9.0  13:04      W-SW
  25    16.5    26.0  15:20    10.7  02:39      73     1014.2       0.0      1.4      13.4  13:20      W-SW
  26    16.9    22.2  16:05    14.3  07:05      76     1019.3       3.6      2.9      15.0  17:55         W
  27    16.2    20.2  16:35    14.3  03:55      79     1020.3       0.0      1.4      11.6  15:14        SW
  28    15.8    20.7  16:04    13.0  04:55      73     1020.6       0.4      4.0      17.7  13:35         W
  29    13.5    18.4  15:29    10.2  23:50      75     1018.7       2.2      6.1      25.1  16:15         W
  30    11.5    16.7  13:00     6.2  07:20      72     1024.4       0.0      2.5      15.5  14:54      W-SW
--------------------------------------------------------------------------------------------------------------
Avg:    17.5    32.1      8     5.0     20      71     1018.0      29.9      3.6      25.5     18      W-SW


Distribution WD Values         4166
Distribution WD N-NO       10.8%
Distribution WD NO         15.3%
Distribution WD NO-O       10.0%
Distribution WD O           5.5%
Distribution WD O-SO        0.6%
Distribution WD SO          0.5%
Distribution WD SO-S        0.3%
Distribution WD S           0.4%
Distribution WD S-SW        1.1%
Distribution WD SW          5.7%
Distribution WD SW-W       16.9%
Distribution WD W          14.4%
Distribution WD W-NW        2.4%
Distribution WD NW          2.3%
Distribution WD NW-N        3.0%
Distribution WD N          10.8%

Rain days >0.0 l/m Month     6
Rain days >2.0 l/m Month     4
Rain days >20.0 l/m Month    0


Ice days    max <  0C      0
Cold days   min <= 0C      0
Cool days   max < 10C      0
Summer days max >=25C     11
Hot days    max >=30C      4

Last year same Month: Ice days    max <  0C      0
Last year same Month: Cold days   min <= 0C      0
Last year same Month: Cool days   max < 10C      0
Last year same Month: Summer days max >=25C     11
Last year same Month: Hot days    max >=30C      0

 1999-2005  Werner Krenn / Mischa Thurnherr - Wetterstation Bedien- und Auswertesoftware - V2.91.0