MONTHLY CLIMATOLOGICAL SUMMARY for Oktober    2005

CITY: Mannheim-Seckenheim    ELEV: 96 m  LAT: 49 27' 47"   LONG: 8 33' 26" 

    TEMPERATURE (C), BAROMETER (hPa), RAIN  (l/m), WIND SPEED (km/h)

        MEAN            TEMPERATURE                                              WIND                   DOM
 DAY    TEMP    HIGH   TIME     LOW   TIME     HUM       Baro      Rain    SPEED      HIGH   TIME       DIR
--------------------------------------------------------------------------------------------------------------
   1    12.6    13.5  18:55    11.2  23:45      85     1016.0      41.4      2.2      15.0  21:05      N-NO
   2    11.5    14.4  14:04     9.1  02:44      87     1018.6       0.4      1.8      10.1  13:14      N-NO
   3    11.4    13.2  16:25    10.0  05:45      86     1024.3       0.4      7.6      14.1  16:20      N-NO
   4    15.3    17.8  16:10    12.9  01:30      80     1021.7       0.0     10.4      19.5  20:50      N-NO
   5    17.6    21.3  16:50    15.7  23:50      78     1021.3       0.0      6.7      14.8  04:04      N-NO
   6    16.4    22.2  15:45    12.5  07:50      76     1021.3       0.0      4.2      13.3  00:59      O-NO
   7    14.2    21.2  16:00     9.3  06:50      80     1019.5       0.0      1.1      14.3  15:35        NO
   8    13.3    20.0  15:59     9.7  03:50      88     1019.5       0.0      0.6       7.1  12:50      W-SW
   9    13.4    20.4  16:05     9.7  02:14      88     1023.0       0.4      1.8       9.6  13:35         W
  10    12.9    18.3  16:25    10.3  05:59      89     1023.3       0.4      1.3       9.5  13:45      N-NO
  11    12.3    20.7  15:35     6.7  08:05      85     1019.1       0.0      1.0       8.9  15:35      W-SW
  12    12.2    21.2  16:30     7.5  07:25      85     1018.6       0.4      0.6       5.7  13:19         O
  13    11.0    20.3  15:40     5.3  07:35      83     1019.1       0.0      0.4       5.7  11:49      W-SW
  14    10.5    19.7  15:30     5.6  06:10      85     1025.3       0.0      0.6       7.2  12:44         W
  15    10.8    20.7  16:15     4.5  07:40      80     1027.7       0.4      2.2      12.7  15:14        NO
  16    10.8    19.3  16:15     5.0  08:15      75     1025.8       0.0      2.6      14.5  18:25      O-NO
  17     9.3    15.9  16:15     3.8  07:29      67     1025.0       0.0      6.1      20.2  20:04      O-NO
  18     9.8    15.9  15:19     5.1  06:45      59     1021.9       0.0      7.9      22.2  10:09      O-NO
  19     8.1    10.4  13:00     4.9  06:54      78     1018.3       2.5      1.5      13.0  00:15      O-NO
  20     9.5    12.6  17:05     6.3  06:40      91     1014.7       0.4      0.6       7.4  11:25        NO
  21    13.3    18.1  16:55     8.5  00:50      88     1008.2       0.4      1.1      11.7  12:01        SW
  22    16.3    20.2  16:31    13.9  00:15      82     1006.2       0.0      6.2      18.8  09:50      W-SW
  23    14.0    16.1  13:20     8.4  23:35      82     1013.2       2.2      6.2      24.3  14:00      W-SW
  24    11.7    16.3  16:10     6.9  08:45      82     1019.5       0.0      1.4      12.4  13:15      W-SW
  25    15.8    20.7  16:11    11.9  02:05      73     1014.3       0.0      7.9      29.5  17:25      W-SW
  26    16.4    19.9  15:25    13.1  23:55      79     1019.1       0.0      5.7      21.5  03:30      W-SW
  27    13.1    20.3  16:26     9.5  07:56      88     1020.9       0.0      0.4       6.7  13:36        NO
  28    12.1    22.2  15:25     7.3  08:25      86     1019.9       0.4      0.5       8.2  15:20      O-NO
  29    11.5    19.2  16:15     7.7  02:20      88     1019.2       0.4      0.6       7.6  11:56      O-NO
  30     9.2    14.0  15:15     6.8  05:11      92     1018.5       0.0      0.9       8.7  15:10      O-NO
  31     9.5    13.8  15:05     5.9  02:15      91     1014.5       0.4      1.2       9.2  13:55        NO
--------------------------------------------------------------------------------------------------------------
Avg:    12.4    22.2      6     3.8     17      82     1019.3      50.0      3.0      29.5     25        NO


Distribution WD Values         3694
Distribution WD N-NO       12.6%
Distribution WD NO         16.8%
Distribution WD NO-O       14.8%
Distribution WD O           7.6%
Distribution WD O-SO        0.5%
Distribution WD SO          0.5%
Distribution WD SO-S        0.4%
Distribution WD S           0.8%
Distribution WD S-SW        1.2%
Distribution WD SW          6.8%
Distribution WD SW-W       14.6%
Distribution WD W           8.3%
Distribution WD W-NW        1.7%
Distribution WD NW          1.5%
Distribution WD NW-N        2.4%
Distribution WD N           9.6%

Rain days >0.0 l/m Month     14
Rain days >2.0 l/m Month     3
Rain days >20.0 l/m Month    1


Ice days    max <  0C      0
Cold days   min <= 0C      0
Cool days   max < 10C      0
Summer days max >=25C      0
Hot days    max >=30C      0

Last year same Month: Ice days    max <  0C      0
Last year same Month: Cold days   min <= 0C      0
Last year same Month: Cool days   max < 10C      0
Last year same Month: Summer days max >=25C      1
Last year same Month: Hot days    max >=30C      0

 1999-2005  Werner Krenn / Mischa Thurnherr - Wetterstation Bedien- und Auswertesoftware - V2.91.3