MONTHLY CLIMATOLOGICAL SUMMARY for November   2005

CITY: Mannheim-Seckenheim    ELEV: 96 m  LAT: 49 27' 47"   LONG: 8 33' 26" 

    TEMPERATURE (C), BAROMETER (hPa), RAIN  (l/m), WIND SPEED (km/h)

        MEAN            TEMPERATURE                                              WIND                   DOM
 DAY    TEMP    HIGH   TIME     LOW   TIME     HUM       Baro      Rain    SPEED      HIGH   TIME       DIR
--------------------------------------------------------------------------------------------------------------
   1    12.2    17.3  14:10     8.9  23:25      87     1017.5       3.2      1.0      11.5  16:15      W-SW
   2    10.3    13.1  17:10     6.3  06:15      91     1018.5       1.1      0.7       9.6  14:20      W-SW
   3    14.5    20.4  14:31    11.5  07:20      86     1016.8       2.9      1.8      11.9  14:26      W-SW
   4    12.9    15.3  13:55    10.2  02:55      91     1015.8       4.7      1.2      11.8  20:00         W
   5    11.2    15.0  13:25     7.8  23:50      79     1024.6       4.3      3.3      18.0  13:56      W-SW
   6     9.6    14.9  14:10     6.5  19:55      80     1026.9       0.0      0.6       8.1  12:30      W-SW
   7     8.4    11.4  13:55     5.4  01:30      82     1025.7       0.0      1.9      10.1  09:00        NO
   8     8.3    15.6  14:35     4.4  23:55      84     1024.2       0.0      0.9       9.0  14:05      O-NO
   9     6.5    13.4  14:30     2.4  06:35      87     1023.2       0.4      0.6      10.8  11:50      W-SW
  10     6.6    10.4  15:05     3.6  04:10      92     1033.7       0.0      0.1       6.3  00:30      O-NO
  11     7.9    13.1  14:20     4.5  23:50      84     1030.1       0.0      1.3      13.5  12:10      W-SW
  12     7.3    12.2  14:25     4.0  01:00      87     1019.3       0.0      1.0       8.2  11:40         W
  13     7.6    13.9  14:11     2.7  22:36      88     1020.3       0.4      0.8       7.0  14:01      W-SW
  14     5.7     8.0  14:00     1.8  23:31      84     1024.2       0.0      0.8       7.9  19:21      O-NO
  15     4.1     5.1  14:41     1.8  00:01      86     1013.3       4.7      3.0      15.1  16:26      W-SW
  16     5.6     8.4  14:46     1.9  23:56      87     1003.3       5.4      5.4      30.6  15:51         W
  17     3.9     7.0  14:51     0.5  03:41      84     1011.8       0.4      3.6      21.0  16:26      W-SW
  18     3.3     6.4  13:41    -1.0  21:35      86     1020.1       0.7      2.1      22.5  15:36      W-NW
  19     0.5     4.2  13:35    -2.0  22:55      88     1029.1       0.0      0.8       9.9  13:35        NO
  20    -0.3     1.7  15:31    -2.2  02:06      90     1031.7       0.0      0.7       7.2  11:21         S
  21     1.6     3.2  15:40    -0.9  23:55      92     1029.9       2.9      0.3       6.2  03:30        NO
  22     0.9     4.6  14:50    -2.4  08:00      83     1034.9       0.0      4.8      18.8  13:50      N-NO
  23     2.4     4.1  14:51    -0.1  00:55      83     1032.0       0.0      6.6      17.8  11:36        NO
  24     1.0     2.4  00:01    -0.1  22:31      77     1016.9       0.0      4.0      18.8  21:21        SW
  25     0.5     2.5  13:45    -1.0  20:40      81      993.4       0.7      9.2      28.5  15:05      W-SW
  26     1.4     4.6  14:21    -0.2  00:11      73      994.2       0.0      5.1      16.8  13:06        SW
  27     1.9     3.4  12:50     0.3  00:01      79      995.4       0.4      6.8      18.4  21:15      W-SW
  28     2.5     3.7  14:30     1.3  03:05      89      999.6       4.3      8.8      19.3  07:55      W-SW
  29     2.7     4.4  12:21    -0.3  23:50      88     1006.4       0.0      0.2       5.9  22:20      O-NO
  30     0.1     4.2  14:55    -3.4  06:51      88     1014.2       0.4      0.2       5.8  13:20      S-SW
--------------------------------------------------------------------------------------------------------------
Avg:     5.4    20.4      3    -3.4     30      85     1018.2      36.7      2.6      30.6     16      W-SW


Distribution WD Values         3025
Distribution WD N-NO        6.8%
Distribution WD NO          8.9%
Distribution WD NO-O        4.9%
Distribution WD O           1.9%
Distribution WD O-SO        0.9%
Distribution WD SO          0.7%
Distribution WD SO-S        1.0%
Distribution WD S           2.0%
Distribution WD S-SW        3.4%
Distribution WD SW         12.4%
Distribution WD SW-W       28.1%
Distribution WD W          16.9%
Distribution WD W-NW        3.1%
Distribution WD NW          2.1%
Distribution WD NW-N        1.8%
Distribution WD N           5.2%

Rain days >0.0 l/m Month     16
Rain days >2.0 l/m Month     8
Rain days >20.0 l/m Month    0


Ice days    max <  0C      0
Cold days   min <= 0C     11
Cool days   max < 10C     17
Summer days max >=25C      0
Hot days    max >=30C      0

Last year same Month: Ice days    max <  0C      0
Last year same Month: Cold days   min <= 0C      8
Last year same Month: Cool days   max < 10C     23
Last year same Month: Summer days max >=25C      0
Last year same Month: Hot days    max >=30C      0

 1999-2005  Werner Krenn / Mischa Thurnherr - Wetterstation Bedien- und Auswertesoftware - V2.91.3