MONTHLY CLIMATOLOGICAL SUMMARY for Dezember   2005

CITY: Mannheim-Seckenheim    ELEV: 96 m  LAT: 49 27' 47"   LONG: 8 33' 26" 

    TEMPERATURE (C), BAROMETER (hPa), RAIN  (l/m), WIND SPEED (km/h)

        MEAN            TEMPERATURE                                              WIND                   DOM
 DAY    TEMP    HIGH   TIME     LOW   TIME     HUM       Baro      Rain    SPEED      HIGH   TIME       DIR
--------------------------------------------------------------------------------------------------------------
   1     0.7     3.8  13:45    -2.4  08:20      82     1012.1       0.0      1.5      10.8  14:20      O-NO
   2    -1.1     2.4  13:40    -4.9  06:45      84     1002.7       0.0      1.1       9.2  14:40        NO
   3     4.3     7.5  22:32     0.6  05:15      81     1001.3       0.0      2.3      12.7  22:02        SW
   4     8.0     9.7  14:31     6.8  00:02      85      999.8       5.0      5.6      16.3  08:31        SW
   5     6.9     8.5  14:36     5.0  23:51      86     1000.3       0.7      4.5      19.0  00:21      W-SW
   6     4.8     6.5  14:16     2.9  23:46      89     1006.1       0.0      0.2       4.4  14:46      W-SW
   7     3.8     4.9  15:36     2.1  06:41      91     1014.8       7.6      2.6      13.8  19:26      W-SW
   8     4.2     5.5  14:26     3.3  03:56      88     1017.9       1.4      0.7       6.1  23:16        NO
   9     2.9     4.9  13:56     0.2  08:26      88     1033.1       0.4      3.1      13.1  21:41         N
  10     0.5     3.6  00:01    -3.0  23:56      74     1040.8       0.0      4.8      15.3  13:16        NO
  11    -1.4     2.1  14:01    -4.3  08:11      81     1038.7       0.0      1.8      11.7  14:25      N-NO
  12     1.0     4.6  22:46    -3.3  04:51      87     1031.7       0.0      3.0      14.0  23:21         N
  13     3.0     4.7  14:35    -0.4  09:10      84     1032.7       0.0      5.2      18.7  02:15      N-NO
  14     3.6     4.6  14:31     2.7  05:06      90     1026.2       0.7      0.1       4.0  12:31         W
  15     4.3     6.3  23:31     2.2  09:11      89     1020.0       0.7      6.4      21.7  15:26      W-SW
  16     6.1     8.0  11:21     3.8  23:31      84     1005.2       9.7     15.7      35.3  14:06         W
  17     2.4     3.8  00:01     0.7  23:56      75     1008.9       0.0     15.9      30.7  09:46         W
  18     1.1     3.4  13:41    -2.6  03:25      81     1020.7       0.4      6.2      19.0  23:11         W
  19     0.9     1.5  00:00     0.5  13:51      85     1024.3       0.7      3.6      15.0  11:41      W-SW
  20     2.0     3.9  15:11     0.6  20:51      88     1030.7       2.9      2.4      15.7  17:41      W-SW
  21     2.1     3.9  13:38    -0.1  23:53      86     1033.5       0.0      0.7      10.6  18:58      W-SW
  22     0.7     1.6  23:39    -0.6  01:12      91     1031.6       5.0      1.2      10.8  06:59      W-SW
  23     3.3     4.7  14:20     1.5  00:39      92     1028.3       4.7      0.2       5.7  13:15      S-SW
  24     4.5     5.8  14:50     3.7  00:55      92     1024.3       0.0      0.2       5.0  12:30      S-SO
  25     3.5     4.9  14:31    -0.1  23:31      92     1020.8       0.4      0.4       8.4  19:41         N
  26    -0.0     1.6  14:35    -1.7  02:21      93     1012.9       2.0      0.2       5.8  13:50      O-NO
  27    -0.5     1.3  15:21    -1.6  05:16      89     1006.4       1.0      2.5      14.3  16:16      N-NO
  28    -1.6    -0.7  00:00    -3.3  21:46      89     1008.2       3.0      2.3      10.8  17:36        NO
  29    -2.8    -1.0  13:17    -3.6  08:51      86     1015.5       1.0      4.1      14.8  19:32        NO
  30    -3.2    -1.9  19:38    -5.0  09:28      82     1016.0       2.0      3.8      19.1  20:08        NO
  31     2.6     6.2  14:19    -2.8  00:02      91     1003.3       4.4      2.7      16.5  07:38      W-SW
--------------------------------------------------------------------------------------------------------------
Avg:     2.1     9.7      4    -5.0     30      86     1018.4      53.7      3.4      35.3     16      W-SW


Distribution WD Values         3823
Distribution WD N-NO       10.8%
Distribution WD NO         17.7%
Distribution WD NO-O        5.4%
Distribution WD O           2.1%
Distribution WD O-SO        0.3%
Distribution WD SO          0.5%
Distribution WD SO-S        0.6%
Distribution WD S           1.3%
Distribution WD S-SW        2.6%
Distribution WD SW          6.4%
Distribution WD SW-W       20.5%
Distribution WD W          17.4%
Distribution WD W-NW        3.5%
Distribution WD NW          2.0%
Distribution WD NW-N        2.0%
Distribution WD N           7.0%

Rain days >0.0 l/m Month     20
Rain days >2.0 l/m Month     8
Rain days >20.0 l/m Month    0


Ice days    max <  0C      3
Cold days   min <= 0C     16
Cool days   max < 10C     31
Summer days max >=25C      0
Hot days    max >=30C      0

Last year same Month: Ice days    max <  0C      6
Last year same Month: Cold days   min <= 0C     16
Last year same Month: Cool days   max < 10C     31
Last year same Month: Summer days max >=25C      0
Last year same Month: Hot days    max >=30C      0

 1999-2005  Werner Krenn / Mischa Thurnherr - Wetterstation Bedien- und Auswertesoftware - V2.91.3