MONTHLY CLIMATOLOGICAL SUMMARY for Februar    2006

CITY: Mannheim-Seckenheim    ELEV: 96 m  LAT: 49 28' 7"   LONG: 8 33' 26" 

    TEMPERATURE (C), BAROMETER (hPa), RAIN  (l/m), WIND SPEED (km/h)

        MEAN            TEMPERATURE                                              WIND                   DOM
 DAY    TEMP    HIGH   TIME     LOW   TIME     HUM       Baro      Rain    SPEED      HIGH   TIME       DIR
--------------------------------------------------------------------------------------------------------------
   1    -4.8    -2.4  14:39    -6.9  01:59      91     1026.5       0.0      0.5       5.7  19:24      W-SW
   2    -4.2    -2.8  14:59    -5.2  23:44      91     1024.1       0.0      0.9       7.6  20:09        NO
   3    -5.4    -3.9  14:53    -7.5  08:19      87     1023.7       0.0      3.8      12.0  13:09        NO
   4    -2.1     1.1  15:00    -4.5  00:03      83     1027.7       0.0      1.7      10.0  12:29         N
   5    -0.7     2.1  12:39    -5.4  07:54      83     1031.5       0.0      0.9       8.3  14:40      N-NO
   6     1.2     2.8  14:19     0.0  00:44      84     1029.9       0.0      0.1       4.5  23:10      S-SW
   7     3.2     4.9  17:09     1.6  00:19      87     1023.5       0.7      4.5      20.8  17:14      W-SW
   8     3.9     5.3  16:49     2.7  23:54      85     1010.7       1.1     11.6      24.3  13:49      W-SW
   9     2.7     4.8  12:24     1.3  13:54      76     1010.6       0.7     14.0      33.8  12:04         W
  10     2.7     3.9  12:39     1.0  23:10      79     1018.3       0.0     14.7      31.0  11:49         W
  11     0.2     2.9  14:50    -3.3  08:04      83     1029.3       0.4      0.6       7.9  11:39      O-NO
  12     0.7     4.1  14:14    -2.2  07:49      72     1029.5       0.0      0.4       8.1  12:54      W-SW
  13    -0.3     4.2  15:20    -4.4  08:09      72     1026.5       0.0      1.3      11.2  12:59        NO
  14     2.4     4.3  13:39     1.0  00:04      79     1023.0       0.0      0.7       6.1  11:14         N
  15     5.4     6.9  23:14     3.9  00:04      89     1009.4       2.9      8.0      30.0  15:15      W-SW
  16     7.7    11.4  12:34     6.0  06:50      86      995.4       7.9      6.0      20.5  11:25      W-SW
  17     6.1     9.5  12:59     4.1  23:39      82      998.2       3.2      9.4      26.0  17:19      W-SW
  18     6.7    11.6  15:59     4.2  00:04      80     1001.1       3.6      8.9      29.6  12:35      W-SW
  19     7.6    11.8  13:09     2.6  08:29      71     1003.6       0.0      5.2      20.7  19:30      O-NO
  20     5.8     8.4  15:14     3.9  08:39      84     1005.7       3.6      0.7       7.8  15:19      W-SW
  21     6.1    11.2  15:44     3.7  06:00      84     1013.7       0.4      4.4      17.9  17:20        NO
  22     3.7     5.3  13:24     2.4  23:50      75     1023.3       0.0      8.3      20.8  12:09        NO
  23     1.9     2.8  15:00     1.0  07:30      75     1022.4       0.0      5.4      13.5  07:45        NO
  24     3.7     6.9  15:29     1.3  07:44      66     1017.3       0.0     10.6      20.9  14:44        NO
  25     1.9     4.8  15:54    -0.7  23:59      63     1014.7       0.0      9.4      17.6  13:59        NO
  26    -1.5    -0.3  16:30    -3.2  06:39      75     1019.0       0.0      7.4      18.4  12:20         N
  27    -1.0     4.5  14:49    -6.4  06:29      74     1018.9       0.0      1.6      11.8  16:44      W-SW
  28     0.9     2.6  14:29    -0.5  07:14      83     1007.3       1.4      7.6      22.7  22:39      W-SW
--------------------------------------------------------------------------------------------------------------
Avg:     2.0    11.8     19    -7.5      3      80     1017.3      25.9      5.3      33.8      9      W-SW


Distribution WD Values         4557
Distribution WD N-NO       10.775%
Distribution WD NO         17.358%
Distribution WD NO-O        8.295%
Distribution WD O           2.567%
Distribution WD O-SO        0.197%
Distribution WD SO          0.241%
Distribution WD SO-S        0.395%
Distribution WD S           0.680%
Distribution WD S-SW        1.382%
Distribution WD SW          5.311%
Distribution WD SW-W       21.440%
Distribution WD W          18.214%
Distribution WD W-NW        1.953%
Distribution WD NW          1.141%
Distribution WD NW-N        1.931%
Distribution WD N           8.119%

Rain days >0.0 l/m Month     11
Rain days >2.0 l/m Month     5
Rain days >20.0 l/m Month    0


Ice days    max <  0C      4
Cold days   min <= 0C     12
Cool days   max < 10C     24
Summer days max >=25C      0
Hot days    max >=30C      0

Last year same Month: Ice days    max <  0C      1
Last year same Month: Cold days   min <= 0C     19
Last year same Month: Cool days   max < 10C     27
Last year same Month: Summer days max >=25C      0
Last year same Month: Hot days    max >=30C      0

 1999-2020  Werner Krenn - Wetterstation Bedien- und Auswertesoftware - V2.99.8.8