MONTHLY CLIMATOLOGICAL SUMMARY for April      2006

CITY: Mannheim-Seckenheim    ELEV: 96 m  LAT: 49 28' 7"   LONG: 8 33' 26" 

    TEMPERATURE (C), BAROMETER (hPa), RAIN  (l/m), WIND SPEED (km/h)

        MEAN            TEMPERATURE                                              WIND                   DOM
 DAY    TEMP    HIGH   TIME     LOW   TIME     HUM       Baro      Rain    SPEED      HIGH   TIME       DIR
--------------------------------------------------------------------------------------------------------------
   1    12.0    17.4  15:00     8.5  23:34      75     1015.1       7.2      4.3      39.6  19:14         W
   2    11.2    16.3  12:40     8.1  05:59      81     1015.4       1.8      7.2      28.5  13:35      W-SW
   3     8.9    13.0  16:09     5.2  07:15      79     1019.2       1.8      8.1      31.8  14:24         W
   4     7.4    11.4  17:14     3.7  08:05      73     1018.6       0.4      3.7      22.0  13:59      N-NO
   5     6.0     8.3  15:54     3.8  06:15      62     1012.9       0.0      9.5      21.3  14:34      N-NO
   6     5.7    13.0  16:54    -1.4  07:29      61     1018.0       0.0      2.6      13.1  14:25        NO
   7     7.5    16.0  16:19     0.0  06:59      55     1017.4       0.0      2.5      15.7  15:34         W
   8    10.5    18.7  15:50     2.5  07:14      50     1013.4       0.0      6.9      28.0  17:14         W
   9    10.4    14.0  16:15     8.1  05:39      49     1013.7       0.0      3.3      14.7  09:14         W
  10     7.2     8.4  00:04     5.7  09:45      73     1015.0       0.7      6.6      19.9  13:40        NO
  11     7.3    13.0  16:56     1.6  07:36      56     1020.6       0.0      8.8      18.6  17:21         W
  12     6.1     9.7  15:46     4.5  09:25      80     1015.8      14.8      5.5      22.9  16:10      W-SW
  13     7.0     9.6  14:41     3.5  02:30      86     1016.2       2.2      7.4      27.8  14:41      W-SW
  14    10.8    15.6  14:10     8.3  22:45      84     1015.5       2.2      9.2      27.0  14:25      W-SW
  15    11.2    17.7  14:20     5.5  06:40      81     1014.7       2.5      2.9      23.0  17:25        NO
  16    12.1    13.4  14:35    10.7  22:45      81     1012.7       1.1      8.5      28.6  10:30         W
  17    12.3    16.5  16:41     9.6  02:50      78     1015.1       1.1      3.4      17.6  17:00      W-SW
  18    11.9    18.0  16:16     6.4  06:36      70     1016.5       0.4      2.6      17.6  15:40         W
  19    11.8    19.3  15:35     4.4  06:51      64     1017.2       0.0      2.0      12.2  16:05         W
  20    13.0    21.5  17:05     4.9  06:20      63     1017.2       0.0      2.7      24.3  15:30        NO
  21    15.4    25.9  16:25     6.3  06:51      60     1016.6       0.0      1.7      11.8  15:30         W
  22    15.2    20.9  15:35    10.3  06:00      63     1017.1       0.0      4.7      16.5  15:20         N
  23    13.1    20.1  14:30     6.2  06:40      59     1017.3       0.0      5.3      15.6  17:10      N-NO
  24    14.5    23.6  16:50     5.3  06:30      59     1019.1       0.0      2.4      11.4  15:35        NO
  25    16.4    23.7  16:55    11.7  01:10      69     1018.9       5.0      1.6      10.1  15:45         W
  26    14.5    17.0  18:21    12.2  06:55      82     1019.5       4.3      4.2      16.0  08:56        NW
  27    13.8    15.4  12:51    12.3  22:46      83     1019.7       2.2      6.7      21.0  20:16         N
  28    14.1    18.6  14:41    10.2  23:40      60     1018.4       0.0     11.6      22.6  13:51         N
  29     9.0    11.3  16:00     6.1  08:06      56     1016.7       0.0     11.6      27.5  11:50         N
  30     9.1    15.4  15:15     3.2  05:10      58     1014.8       0.0      4.7      20.6  14:40      W-SW
--------------------------------------------------------------------------------------------------------------
Avg:    10.9    25.9     21    -1.4      6      68     1016.6      47.5      5.4      39.6      1         W


Distribution WD Values         5056
Distribution WD N-NO       12.737%
Distribution WD NO         10.562%
Distribution WD NO-O        3.441%
Distribution WD O           1.543%
Distribution WD O-SO        0.574%
Distribution WD SO          0.653%
Distribution WD SO-S        0.435%
Distribution WD S           0.475%
Distribution WD S-SW        0.870%
Distribution WD SW          3.639%
Distribution WD SW-W       18.354%
Distribution WD W          22.983%
Distribution WD W-NW        3.916%
Distribution WD NW          3.896%
Distribution WD NW-N        4.055%
Distribution WD N          11.867%

Rain days >0.0 l/m Month     15
Rain days >2.0 l/m Month     8
Rain days >20.0 l/m Month    0


Ice days    max <  0C      0
Cold days   min <= 0C      1
Cool days   max < 10C      4
Summer days max >=25C      1
Hot days    max >=30C      0

Last year same Month: Ice days    max <  0C      0
Last year same Month: Cold days   min <= 0C      0
Last year same Month: Cool days   max < 10C      2
Last year same Month: Summer days max >=25C      1
Last year same Month: Hot days    max >=30C      0

 1999-2020  Werner Krenn - Wetterstation Bedien- und Auswertesoftware - V2.99.8.8