MONTHLY CLIMATOLOGICAL SUMMARY for Juli       2006

CITY: Mannheim-Seckenheim    ELEV: 96 m  LAT: 49 28' 7"   LONG: 8 33' 26" 

    TEMPERATURE (C), BAROMETER (hPa), RAIN  (l/m), WIND SPEED (km/h)

        MEAN            TEMPERATURE                                              WIND                   DOM
 DAY    TEMP    HIGH   TIME     LOW   TIME     HUM       Baro      Rain    SPEED      HIGH   TIME       DIR
--------------------------------------------------------------------------------------------------------------
   1    23.3    29.5  16:02    16.0  06:12      57     1024.8       0.0      6.4      23.6  17:12      O-NO
   2    23.7    30.1  15:49    16.0  05:33      50     1021.9       0.0      8.7      22.3  11:48      O-NO
   3    25.0    31.3  16:54    16.9  05:54      51     1017.9       0.0      8.8      23.1  11:59      O-NO
   4    26.0    33.1  15:24    18.2  05:44      58     1016.8       0.0      3.2      17.1  14:39      O-NO
   5    27.3    35.1  16:19    18.9  04:54      55     1016.3       5.4      5.0      24.7  22:44      W-SW
   6    23.0    30.3  16:49    18.0  06:24      72     1019.0      14.8      3.6      17.6  19:24         W
   7    20.8    23.3  17:29    19.0  07:29      84     1018.6       6.8      1.0       9.2  21:01         W
   8    21.8    27.0  12:15    16.9  05:20      77     1019.9       1.8      2.1      15.6  15:20         W
   9    23.6    30.2  15:35    16.1  05:55      69     1019.4       0.0      3.9      15.3  14:05      W-SW
  10    25.3    31.7  16:10    19.4  04:20      59     1023.9       0.0      4.5      15.7  13:10         W
  11    26.6    34.0  16:10    17.8  05:45      59     1022.7       0.0      4.0      15.9  22:21      O-NO
  12    25.2    32.2  16:25    21.1  06:50      74     1022.8      21.6      7.3      29.5  03:10         N
  13    25.9    33.3  14:05    19.8  05:50      69     1020.7       2.2      4.0      19.6  19:25        NO
  14    24.2    28.8  15:25    20.0  23:55      63     1024.6       0.7     11.3      24.6  15:45      N-NO
  15    22.9    29.3  16:30    16.0  05:40      48     1027.7       0.0      9.0      20.1  12:30        NO
  16    24.3    30.0  16:15    17.7  06:35      44     1027.0       0.0      9.0      22.8  13:05      O-NO
  17    24.6    31.7  16:36    16.3  06:10      41     1025.1       0.0      5.9      21.6  16:26      O-NO
  18    25.2    34.2  16:36    15.5  05:16      49     1022.4       0.0      3.4      13.8  13:26      O-NO
  19    26.9    36.5  16:16    16.4  06:27      47     1020.5       0.0      3.1      14.4  11:56         O
  20    28.1    36.6  15:41    18.6  05:46      50     1019.2       0.0      4.5      18.5  18:21         W
  21    29.0    36.4  15:32    20.9  06:17      52     1020.4       0.0      3.7      15.4  14:47        NO
  22    26.2    36.3  13:58    20.3  23:58      64     1017.8       0.4      4.7      36.5  16:43      O-NO
  23    24.3    33.3  16:04    19.4  03:54      73     1019.6       1.8      1.7      14.9  16:19         W
  24    26.7    33.2  16:34    20.1  06:29      64     1019.7       0.0      4.8      15.3  17:50        NO
  25    28.8    37.0  16:49    21.2  06:19      53     1017.8       0.0      3.8      15.9  17:49        NO
  26    29.0    37.2  15:49    21.8  05:44      54     1016.3       0.0      2.6      16.0  14:14      W-SW
  27    27.6    36.3  14:05    21.1  05:40      55     1015.8       0.0      3.6      25.2  16:35         W
  28    25.2    31.0  17:06    20.7  23:56      64     1013.0      10.4      4.2      19.4  12:11         W
  29    23.9    30.1  15:06    18.9  06:41      71     1011.6       0.0      3.1      15.5  10:46      W-SW
  30    25.2    32.0  13:56    19.2  05:16      65     1013.9       1.1      3.0      20.3  20:11         W
  31    22.5    26.7  11:16    19.2  23:51      76     1015.3       5.8      2.7      17.0  14:01      O-NO
--------------------------------------------------------------------------------------------------------------
Avg:    25.2    37.2     26    15.5     18      60     1019.7      72.7      4.7      36.5     22      O-NO


Distribution WD Values         5362
Distribution WD N-NO        9.157%
Distribution WD NO         17.531%
Distribution WD NO-O       19.079%
Distribution WD O           8.691%
Distribution WD O-SO        0.765%
Distribution WD SO          0.597%
Distribution WD SO-S        0.429%
Distribution WD S           0.727%
Distribution WD S-SW        1.082%
Distribution WD SW          4.159%
Distribution WD SW-W       10.108%
Distribution WD W          11.022%
Distribution WD W-NW        3.077%
Distribution WD NW          2.723%
Distribution WD NW-N        3.077%
Distribution WD N           7.777%

Rain days >0.0 l/m Month     12
Rain days >2.0 l/m Month     7
Rain days >20.0 l/m Month    1


Ice days    max <  0C      0
Cold days   min <= 0C      0
Cool days   max < 10C      0
Summer days max >=25C     30
Hot days    max >=30C     25

Last year same Month: Ice days    max <  0C      0
Last year same Month: Cold days   min <= 0C      0
Last year same Month: Cool days   max < 10C      0
Last year same Month: Summer days max >=25C     18
Last year same Month: Hot days    max >=30C      8

 1999-2020  Werner Krenn - Wetterstation Bedien- und Auswertesoftware - V2.99.8.8