MONTHLY CLIMATOLOGICAL SUMMARY for August     2006

CITY: Mannheim-Seckenheim    ELEV: 96 m  LAT: 49 28' 7"   LONG: 8 33' 26" 

    TEMPERATURE (C), BAROMETER (hPa), RAIN  (l/m), WIND SPEED (km/h)

        MEAN            TEMPERATURE                                              WIND                   DOM
 DAY    TEMP    HIGH   TIME     LOW   TIME     HUM       Baro      Rain    SPEED      HIGH   TIME       DIR
--------------------------------------------------------------------------------------------------------------
   1    18.9    21.3  12:26    16.2  23:51      79     1012.1      13.3      6.0      24.8  15:41      W-SW
   2    18.9    24.4  16:01    14.9  05:26      67     1011.1       0.0     11.9      29.2  17:11      W-SW
   3    17.7    22.8  16:46    12.0  06:26      68     1007.8       0.0      3.7      19.6  15:26         W
   4    18.3    24.2  17:06    13.4  07:11      72     1011.8       2.2      3.1      16.5  20:16         W
   5    19.1    25.1  15:11    14.8  04:16      76     1016.1      11.9      4.4      29.8  20:01      W-NW
   6    19.7    24.6  16:31    16.2  06:06      77     1017.8       3.6      6.6      27.1  16:06      W-NW
   7    21.3    26.9  15:21    16.3  04:16      63     1017.4       0.0      6.0      24.0  16:31         N
   8    18.6    22.9  16:21    15.7  03:26      73     1016.8      16.9      6.5      23.9  11:26        NO
   9    19.5    23.9  16:01    15.8  07:11      64     1016.0       0.0      4.2      17.8  23:16      N-NO
  10    17.1    21.8  13:51    13.3  23:52      69     1014.8       9.7      6.6      22.5  15:26         W
  11    14.2    18.3  17:06    12.0  20:46      85     1012.8      22.7      2.9      29.0  18:56      W-SW
  12    14.3    19.6  13:51    11.7  06:11      81     1010.0      27.0      2.1      13.0  13:16         W
  13    14.8    19.5  12:41    12.0  00:26      83     1008.2       2.9      1.6      14.6  12:11         O
  14    15.8    21.0  15:36    11.8  01:21      81     1009.7       5.4      5.4      20.9  17:56      W-SW
  15    16.9    21.8  17:01    13.5  01:16      82     1011.8      11.9      6.2      20.0  03:16      W-SW
  16    16.6    22.2  16:02    12.8  04:57      84     1008.8       1.4      1.1      14.8  16:02      W-SW
  17    20.0    26.8  16:47    14.8  02:16      77     1007.2       1.8      2.5      17.2  12:31      W-SW
  18    19.3    24.6  16:56    15.3  23:51      76     1010.1       7.2      7.9      27.9  00:26      W-SW
  19    18.7    28.7  16:11    11.5  06:31      75     1016.2       3.2      2.0      29.4  18:51         W
  20    19.1    24.3  15:36    14.5  05:31      74     1020.4       0.4      7.3      25.8  16:11         W
  21    18.6    22.0  14:56    14.9  07:21      69     1020.8       2.5      6.1      22.3  15:21         W
  22    17.0    20.1  16:41    13.8  04:46      80     1019.1       5.8      4.1      17.2  09:41         W
  23    18.2    24.7  15:16    12.9  06:41      73     1017.7       0.0      1.2       8.9  15:01      W-SW
  24    17.7    23.6  16:17    12.7  07:11      75     1011.7       0.4      4.4      22.8  16:51      W-SW
  25    15.4    18.3  17:11    13.6  04:46      87     1010.7      10.1      6.2      20.3  13:56      W-SW
  26    16.7    21.8  12:51    14.0  07:16      84     1011.6      10.1      1.1      10.5  18:06      W-SW
  27    16.5    22.3  15:41    13.7  07:21      85     1014.1       8.3      3.8      21.6  16:01      W-SW
  28    14.5    17.2  11:21    11.4  22:56      90     1011.2      15.5      3.3      23.8  20:47      W-SW
  29    13.0    20.1  14:51     9.4  06:01      84     1011.1       4.3      7.4      28.8  16:56      W-SW
  30    13.8    19.3  15:51    10.9  00:46      81     1018.8       3.6      5.7      30.1  19:06      W-SW
  31    15.5    22.2  15:51     8.8  07:16      77     1026.1       0.0      2.2      13.1  15:21      W-SW
--------------------------------------------------------------------------------------------------------------
Avg:    17.3    28.7     19     8.8     31      77     1013.9     202.0      4.6      30.1     30      W-SW


Distribution WD Values         4701
Distribution WD N-NO        6.041%
Distribution WD NO          5.233%
Distribution WD NO-O        2.276%
Distribution WD O           1.872%
Distribution WD O-SO        0.404%
Distribution WD SO          0.425%
Distribution WD SO-S        0.277%
Distribution WD S           0.617%
Distribution WD S-SW        1.319%
Distribution WD SW          8.807%
Distribution WD SW-W       30.079%
Distribution WD W          25.122%
Distribution WD W-NW        5.127%
Distribution WD NW          3.893%
Distribution WD NW-N        3.127%
Distribution WD N           5.382%

Rain days >0.0 l/m Month     25
Rain days >2.0 l/m Month     21
Rain days >20.0 l/m Month    2


Ice days    max <  0C      0
Cold days   min <= 0C      0
Cool days   max < 10C      0
Summer days max >=25C      4
Hot days    max >=30C      0

Last year same Month: Ice days    max <  0C      0
Last year same Month: Cold days   min <= 0C      0
Last year same Month: Cool days   max < 10C      0
Last year same Month: Summer days max >=25C     13
Last year same Month: Hot days    max >=30C      3

 1999-2020  Werner Krenn - Wetterstation Bedien- und Auswertesoftware - V2.99.8.8