MONTHLY CLIMATOLOGICAL SUMMARY for Juli 2009 CITY: Mannheim-Seckenheim ELEV: 96 m LAT: 49° 28' 7" LONG: 8° 33' 26" TEMPERATURE (°C), BAROMETER (hPa), RAIN (l/m²), WIND SPEED (km/h) MEAN TEMPERATURE WIND DOM DAY TEMP HIGH TIME LOW TIME HUM Baro Rain SPEED HIGH TIME DIR -------------------------------------------------------------------------------------------------------------- 1 22.9 30.8 16:30 17.1 05:35 77 1020.2 0.7 2.6 12.7 16:35 N 2 24.3 31.1 17:25 18.0 05:40 72 1017.5 1.1 2.6 16.9 19:20 NO 3 22.3 29.8 12:45 18.0 05:25 79 1014.3 0.0 2.5 26.0 16:10 W 4 22.6 28.4 18:20 17.4 06:45 75 1013.4 10.3 2.9 21.9 13:50 N 5 23.3 29.3 14:20 17.9 04:45 66 1011.1 0.0 2.2 13.5 15:30 W-SW 6 20.1 26.2 13:40 16.3 23:45 83 1010.3 26.3 2.9 33.2 20:45 O-NO 7 17.9 21.8 17:10 15.6 05:10 79 1009.8 0.7 6.1 26.5 14:35 W-SW 8 16.3 20.1 15:55 14.3 08:20 80 1011.8 0.7 10.6 25.8 11:40 W-SW 9 15.5 18.2 16:40 13.2 03:05 82 1016.0 2.8 3.8 17.4 11:25 W-SW 10 16.3 20.7 16:30 11.4 05:10 67 1016.8 0.0 9.5 30.2 14:40 W 11 17.9 21.8 17:30 13.4 06:35 63 1017.9 0.0 5.6 18.8 10:55 W 12 17.4 23.3 16:40 12.1 03:55 80 1014.6 0.7 3.4 20.2 11:50 W-SW 13 21.1 28.5 14:35 15.7 04:45 80 1014.0 2.5 2.7 17.8 14:10 W-SW 14 20.7 25.1 15:40 18.2 05:25 87 1014.3 23.1 4.1 18.8 00:50 W-SW 15 21.6 27.9 17:05 18.1 04:30 80 1019.2 2.8 3.4 14.3 14:10 W-SW 16 23.4 31.2 18:10 17.0 03:36 67 1021.5 0.0 2.1 11.3 18:50 W 17 19.1 23.2 14:50 14.5 22:25 84 1013.1 18.5 4.1 33.6 07:04 W-SW 18 16.8 20.9 15:10 13.8 05:45 78 1013.8 1.4 9.7 28.6 14:30 W-SW 19 17.6 22.8 16:40 13.8 06:40 73 1017.6 1.4 9.9 28.8 13:35 W-SW 20 19.2 25.1 16:55 14.7 01:30 66 1019.1 0.0 7.7 26.8 13:20 W-SW 21 22.6 30.4 16:25 15.0 05:15 67 1014.8 0.0 2.8 16.1 16:45 W-SW 22 23.7 28.8 16:40 19.8 05:15 66 1009.9 0.0 3.9 18.4 09:45 W-SW 23 21.5 24.8 12:35 16.7 23:55 78 1007.8 6.7 4.8 20.3 15:40 W-SW 24 19.8 25.5 16:55 16.1 03:40 74 1015.9 1.8 7.4 25.6 22:10 W-SW 25 18.4 22.9 17:45 14.2 06:30 70 1023.1 0.4 9.2 27.1 19:00 W 26 19.5 27.3 17:35 11.8 06:10 65 1023.1 0.0 2.3 14.5 13:40 W-SW 27 21.3 30.6 15:55 12.6 06:25 67 1015.2 3.2 4.1 27.7 20:30 W 28 19.2 25.5 16:50 14.4 06:25 68 1021.8 0.0 3.5 15.4 14:40 W 29 21.2 30.7 18:10 12.0 05:05 64 1018.8 0.0 2.8 14.9 15:00 W-SW 30 21.5 25.8 16:40 15.0 23:50 59 1020.2 0.0 10.2 27.3 14:55 W 31 19.1 25.9 17:45 12.9 04:45 61 1023.4 0.0 3.8 15.5 13:15 NO -------------------------------------------------------------------------------------------------------------- Avg: 20.1 31.2 16 11.4 10 73 1016.1 105.1 4.9 33.6 17 W-SW Distribution WD Values 4749 Distribution WD N-NO 2.843% Distribution WD NO 4.211% Distribution WD NO-O 4.275% Distribution WD O 2.506% Distribution WD O-SO 0.547% Distribution WD SO 0.632% Distribution WD SO-S 0.484% Distribution WD S 1.200% Distribution WD S-SW 1.748% Distribution WD SW 9.665% Distribution WD SW-W 34.934% Distribution WD W 26.448% Distribution WD W-NW 3.769% Distribution WD NW 2.000% Distribution WD NW-N 1.495% Distribution WD N 3.243% Rain days >0.0 l/m² Month 18 Rain days >2.0 l/m² Month 9 Rain days >20.0 l/m² Month 2 Ice days max < 0°C 0 Cold days min <= 0°C 0 Cool days max < 10°C 0 Summer days max >=25°C 20 Hot days max >=30°C 6 Last year same Month: Ice days max < 0°C 0 Last year same Month: Cold days min <= 0°C 0 Last year same Month: Cool days max < 10°C 0 Last year same Month: Summer days max >=25°C 17 Last year same Month: Hot days max >=30°C 9 © 1999-2020 Werner Krenn - Wetterstation Bedien- und Auswertesoftware - V2.99.8.8