MONTHLY CLIMATOLOGICAL SUMMARY for November 2010 CITY: Mannheim-Seckenheim ELEV: 96 m LAT: 49° 28' 7" LONG: 8° 33' 26" TEMPERATURE (°C), BAROMETER (hPa), RAIN (l/m²), WIND SPEED (km/h) MEAN TEMPERATURE WIND DOM DAY TEMP HIGH TIME LOW TIME HUM Baro Rain SPEED HIGH TIME DIR -------------------------------------------------------------------------------------------------------------- 1 9.9 15.2 14:55 6.7 08:05 86 1007.4 0.0 4.5 12.9 00:25 N 2 9.7 12.6 13:45 7.7 00:35 87 1015.9 0.0 7.0 17.7 14:30 S-SO 3 12.4 15.1 15:40 9.6 00:00 83 1017.5 0.0 12.6 24.1 08:30 SW 4 15.3 17.5 14:25 14.1 00:45 86 1023.4 0.0 14.1 30.6 10:15 SW 5 14.9 17.3 13:40 12.9 20:25 73 1024.1 0.0 13.4 27.4 04:15 SW 6 12.2 15.7 10:45 8.8 20:10 82 1014.9 14.0 11.6 33.8 11:15 SW 7 8.1 9.2 14:30 7.3 05:45 93 1002.1 13.8 4.0 11.3 12:25 N 8 7.1 8.6 15:40 5.8 18:50 88 985.8 1.4 7.7 17.7 11:05 S-SO 9 8.9 11.9 13:40 6.2 04:25 81 979.2 0.8 6.5 14.5 12:20 O 10 9.0 12.4 13:20 6.3 23:55 89 990.6 5.4 9.7 30.6 19:25 SW 11 7.3 9.7 13:40 3.7 07:55 81 1005.5 1.0 14.9 40.2 20:55 SW 12 12.1 15.6 22:45 9.7 00:00 80 999.2 4.8 22.6 38.6 22:25 SW 13 16.1 17.3 12:50 13.3 22:35 72 1001.0 0.0 22.7 43.5 08:15 SW 14 14.6 19.3 13:50 9.9 05:45 73 1001.6 0.6 8.2 25.7 20:10 SW 15 9.7 13.4 00:00 7.2 23:35 91 1011.7 19.0 6.6 17.7 15:55 N 16 7.0 8.2 13:50 6.3 04:45 87 1018.0 1.0 10.9 19.3 05:20 N 17 6.1 6.7 13:55 5.6 08:20 85 1011.3 0.0 6.4 12.9 06:05 NO 18 6.9 8.3 13:20 5.9 07:45 87 1009.6 0.2 3.6 12.9 13:45 S-SO 19 7.7 9.5 14:50 6.4 02:05 90 1015.4 0.2 3.9 12.9 12:30 S-SO 20 7.2 10.8 14:30 2.5 23:55 85 1013.8 0.0 2.9 11.3 16:30 O 21 4.5 5.9 14:55 1.7 01:50 87 1006.9 0.0 6.4 16.1 09:10 NO 22 5.0 5.4 07:25 4.4 21:05 91 1000.7 3.4 9.1 16.1 10:50 N 23 5.0 5.8 14:10 4.6 00:00 83 1004.2 0.0 11.6 20.9 05:30 W 24 4.7 6.5 14:35 3.7 04:15 86 1006.5 1.4 8.7 20.9 15:10 SW 25 2.2 4.1 00:00 1.1 09:40 94 1003.3 8.4 4.5 12.9 06:40 N 26 1.5 3.6 13:25 0.3 04:30 92 1003.7 0.6 4.0 14.5 11:45 W-SW 27 0.6 2.7 13:40 -0.6 04:40 89 1005.0 1.2 4.2 11.3 13:10 O 28 1.2 3.7 13:20 -0.3 23:25 89 1003.7 0.0 5.2 12.9 13:15 NO 29 -0.4 0.1 14:30 -1.1 21:40 92 1005.7 4.0 5.4 16.1 04:45 N 30 -1.0 0.6 14:05 -3.9 08:25 88 1010.3 0.0 6.4 19.3 15:15 NO -------------------------------------------------------------------------------------------------------------- Avg: 7.5 19.3 14 -3.9 30 86 1006.6 81.2 8.6 43.5 13 SW Distribution WD Values 6104 Distribution WD N-NO 5.619% Distribution WD NO 6.930% Distribution WD NO-O 3.653% Distribution WD O 3.653% Distribution WD O-SO 1.950% Distribution WD SO 2.670% Distribution WD SO-S 7.487% Distribution WD S 6.897% Distribution WD S-SW 6.602% Distribution WD SW 21.052% Distribution WD SW-W 8.634% Distribution WD W 3.604% Distribution WD W-NW 2.490% Distribution WD NW 2.261% Distribution WD NW-N 4.620% Distribution WD N 11.877% Rain days >0.0 l/m² Month 18 Rain days >2.0 l/m² Month 8 Rain days >20.0 l/m² Month 0 Ice days max < 0°C 0 Cold days min <= 0°C 4 Cool days max < 10°C 17 Summer days max >=25°C 0 Hot days max >=30°C 0 Last year same Month: Ice days max < 0°C 0 Last year same Month: Cold days min <= 0°C 0 Last year same Month: Cool days max < 10°C 7 Last year same Month: Summer days max >=25°C 0 Last year same Month: Hot days max >=30°C 0 © 1999-2020 Werner Krenn - Wetterstation Bedien- und Auswertesoftware - V2.99.8.8