MONTHLY CLIMATOLOGICAL SUMMARY for Juni 2012 CITY: Mannheim-Seckenheim ELEV: 96 m LAT: 49° 28' 7" LONG: 8° 33' 26" TEMPERATURE (°C), BAROMETER (hPa), RAIN (l/m²), WIND SPEED (km/h) MEAN TEMPERATURE WIND DOM DAY TEMP HIGH TIME LOW TIME HUM Baro Rain SPEED HIGH TIME DIR -------------------------------------------------------------------------------------------------------------- 1 18.0 22.4 14:50 14.7 23:55 67 1015.5 0.0 13.2 29.0 12:10 W 2 16.4 21.4 17:55 12.2 03:10 75 1014.1 0.0 6.3 17.7 11:15 NO 3 16.9 20.3 13:40 14.6 08:55 85 1007.3 9.8 9.8 30.6 16:35 W-SW 4 16.5 20.9 14:10 11.0 23:55 78 1009.6 2.6 10.6 37.0 23:35 SW 5 12.9 17.2 17:45 9.3 05:00 65 1016.6 0.2 9.8 33.8 00:05 W 6 15.6 20.2 16:40 11.6 04:15 79 1008.7 2.2 7.5 22.5 16:35 S 7 19.5 26.2 15:50 13.7 05:50 79 1004.9 3.4 6.8 17.7 16:15 S-SO 8 19.7 24.1 16:35 17.5 22:55 74 1007.7 0.0 15.3 27.4 13:35 SW 9 18.0 22.4 14:10 14.1 06:10 58 1013.4 0.0 12.1 32.2 12:05 SW 10 16.8 21.3 13:55 11.4 04:35 58 1010.3 0.0 4.9 17.7 11:20 SW 11 16.0 20.6 14:00 13.9 09:10 79 1003.1 10.4 6.0 33.8 14:25 SW 12 16.0 19.8 12:30 11.4 05:50 80 1003.0 0.0 5.7 20.9 15:50 SW 13 14.8 18.9 14:00 12.9 23:55 90 1011.6 11.8 6.9 19.3 10:20 SW 14 16.1 21.6 17:55 12.2 05:20 76 1017.1 1.2 4.4 19.3 14:10 W 15 18.7 25.8 17:00 12.2 05:25 74 1015.0 0.0 5.5 22.5 16:45 SW 16 20.2 25.1 10:00 14.7 23:55 73 1015.8 2.0 9.4 29.0 19:20 W 17 18.1 23.3 16:30 14.4 04:10 75 1020.4 0.4 6.2 16.1 13:50 SW 18 21.9 29.2 15:05 14.4 05:10 69 1014.5 0.0 10.3 37.0 15:15 W 19 20.6 24.9 13:40 16.1 05:05 74 1016.3 0.6 8.1 19.3 13:05 N 20 21.2 25.8 14:55 18.5 02:00 86 1011.8 4.4 8.4 27.4 15:05 S-SW 21 20.9 25.9 17:10 17.1 23:55 80 1009.9 4.8 5.9 33.8 22:00 NO 22 18.6 22.8 16:00 14.8 06:00 67 1018.2 0.2 11.8 27.4 13:35 SW 23 18.5 24.9 16:10 12.9 05:25 65 1022.0 0.0 6.3 17.7 17:35 SW 24 17.7 22.7 13:00 12.2 05:00 71 1016.5 3.4 11.9 35.4 19:50 SW 25 16.7 22.7 15:35 11.5 06:15 72 1016.2 0.6 10.6 35.4 16:20 W 26 19.0 24.7 17:30 13.9 06:05 64 1019.9 0.0 5.0 17.7 12:45 NO 27 21.0 27.8 16:50 13.9 04:50 70 1018.1 0.0 6.9 19.3 17:00 W 28 23.8 32.8 17:05 17.0 04:55 72 1010.6 0.8 6.9 24.1 16:15 O 29 25.1 32.5 17:15 19.1 04:00 73 1008.3 7.2 8.4 25.7 03:55 SW 30 24.7 31.2 16:25 18.8 06:15 65 1010.8 9.6 8.2 49.9 23:20 NO -------------------------------------------------------------------------------------------------------------- Avg: 18.7 32.8 28 9.3 5 73 1012.9 75.6 8.3 49.9 30 SW Distribution WD Values 5435 Distribution WD N-NO 4.489% Distribution WD NO 5.465% Distribution WD NO-O 2.723% Distribution WD O 2.502% Distribution WD O-SO 2.134% Distribution WD SO 2.815% Distribution WD SO-S 4.397% Distribution WD S 6.219% Distribution WD S-SW 9.457% Distribution WD SW 20.184% Distribution WD SW-W 9.715% Distribution WD W 15.860% Distribution WD W-NW 3.569% Distribution WD NW 3.109% Distribution WD NW-N 2.484% Distribution WD N 4.876% Rain days >0.0 l/m² Month 19 Rain days >2.0 l/m² Month 11 Rain days >20.0 l/m² Month 0 Ice days max < 0°C 0 Cold days min <= 0°C 0 Cool days max < 10°C 0 Summer days max >=25°C 10 Hot days max >=30°C 3 Last year same Month: Ice days max < 0°C 0 Last year same Month: Cold days min <= 0°C 0 Last year same Month: Cool days max < 10°C 0 Last year same Month: Summer days max >=25°C 13 Last year same Month: Hot days max >=30°C 2 © 1999-2020 Werner Krenn - Wetterstation Bedien- und Auswertesoftware - V2.99.8.8