MONTHLY CLIMATOLOGICAL SUMMARY for September 2012 CITY: Mannheim-Seckenheim ELEV: 96 m LAT: 49° 28' 7" LONG: 8° 33' 26" TEMPERATURE (°C), BAROMETER (hPa), RAIN (l/m²), WIND SPEED (km/h) MEAN TEMPERATURE WIND DOM DAY TEMP HIGH TIME LOW TIME HUM Baro Rain SPEED HIGH TIME DIR -------------------------------------------------------------------------------------------------------------- 1 15.7 21.0 16:00 12.8 06:45 80 1022.3 0.8 11.5 22.5 13:40 NO 2 17.3 24.0 16:35 12.0 07:25 73 1022.8 0.0 6.7 19.3 14:10 NO 3 19.3 26.1 16:35 12.4 06:50 68 1021.3 0.0 8.6 24.1 15:40 N-NO 4 20.3 26.4 16:05 14.3 06:55 67 1019.1 0.0 9.6 19.3 13:20 NO 5 18.7 24.6 14:05 13.8 07:00 76 1018.6 0.2 9.1 30.6 16:35 N-NO 6 16.9 21.5 16:55 11.8 06:55 61 1024.5 0.0 9.4 24.1 10:05 NO 7 16.5 25.1 16:20 8.7 06:25 65 1023.6 0.0 3.2 16.1 14:00 SW 8 19.0 28.3 16:20 11.5 06:30 61 1020.1 0.0 2.5 9.7 13:50 NO 9 21.3 30.8 15:05 12.9 06:20 61 1014.7 0.0 4.5 19.3 13:05 SW 10 23.3 31.0 15:05 17.9 07:05 59 1013.8 0.0 5.8 19.3 11:40 SW 11 20.2 27.2 14:15 14.8 23:55 75 1012.0 21.4 8.6 45.1 15:55 SW 12 13.4 16.3 16:30 10.8 22:55 88 1013.2 9.6 7.2 29.0 14:30 SW 13 12.9 18.4 16:00 8.9 04:10 82 1015.5 0.0 3.3 11.3 10:35 SW 14 14.9 21.1 15:35 8.8 04:30 75 1015.1 0.2 11.1 29.0 19:50 SW 15 15.0 18.7 16:50 11.0 23:55 82 1016.6 1.0 3.1 14.5 00:00 SW 16 14.6 22.4 16:30 8.4 06:15 78 1015.3 0.2 2.7 12.9 16:45 O 17 16.7 23.8 16:15 11.6 05:25 79 1012.9 0.0 3.8 16.1 14:30 SW 18 17.9 25.3 15:50 12.7 06:30 77 1011.1 13.4 7.8 24.1 19:55 SW 19 14.3 18.4 15:55 9.3 23:55 61 1017.5 0.2 8.7 25.7 12:25 W 20 11.0 16.8 15:55 6.0 06:35 71 1022.6 0.0 2.9 11.3 12:45 SW 21 13.2 20.9 16:55 6.7 05:45 76 1015.9 5.2 3.1 16.1 13:10 S-SW 22 13.6 17.2 13:40 9.4 23:00 80 1014.5 1.6 7.6 27.4 14:35 W 23 14.8 19.9 15:05 9.7 00:45 75 1012.5 0.0 5.2 19.3 13:40 O 24 16.8 23.4 14:45 13.1 03:30 79 999.9 0.8 11.5 46.7 16:25 SW 25 14.4 17.1 10:50 12.6 20:55 82 1001.8 5.6 8.5 19.3 15:10 S 26 13.7 17.4 15:10 10.8 06:45 89 1001.7 3.2 6.5 17.7 14:55 SW 27 13.3 18.0 14:35 10.9 07:50 87 1008.8 6.0 13.1 29.0 12:45 SW 28 13.9 19.1 15:50 10.1 23:40 82 1017.1 0.0 6.1 17.7 12:05 SW 29 12.8 19.3 15:40 8.3 05:10 82 1016.5 0.0 4.5 19.3 17:25 W 30 11.4 18.2 15:40 6.4 06:55 82 1020.6 0.2 2.2 11.3 15:15 NO -------------------------------------------------------------------------------------------------------------- Avg: 15.9 31.0 10 6.0 20 75 1015.4 69.6 6.6 46.7 24 SW Distribution WD Values 4454 Distribution WD N-NO 12.371% Distribution WD NO 12.393% Distribution WD NO-O 2.604% Distribution WD O 2.784% Distribution WD O-SO 2.492% Distribution WD SO 3.076% Distribution WD SO-S 5.680% Distribution WD S 6.444% Distribution WD S-SW 6.444% Distribution WD SW 16.390% Distribution WD SW-W 5.635% Distribution WD W 7.678% Distribution WD W-NW 1.280% Distribution WD NW 2.851% Distribution WD NW-N 3.053% Distribution WD N 8.824% Rain days >0.0 l/m² Month 16 Rain days >2.0 l/m² Month 7 Rain days >20.0 l/m² Month 1 Ice days max < 0°C 0 Cold days min <= 0°C 0 Cool days max < 10°C 0 Summer days max >=25°C 8 Hot days max >=30°C 2 Last year same Month: Ice days max < 0°C 0 Last year same Month: Cold days min <= 0°C 0 Last year same Month: Cool days max < 10°C 0 Last year same Month: Summer days max >=25°C 10 Last year same Month: Hot days max >=30°C 1 © 1999-2020 Werner Krenn - Wetterstation Bedien- und Auswertesoftware - V2.99.8.8