MONTHLY CLIMATOLOGICAL SUMMARY for Februar    2019

CITY: Mannheim-Seckenheim    ELEV: 96 m  LAT: 49 28' 7"   LONG: 8 33' 26" 

    TEMPERATURE (C), BAROMETER (hPa), RAIN  (l/m), WIND SPEED (km/h)

        MEAN            TEMPERATURE                                              WIND                   DOM
 DAY    TEMP    HIGH   TIME     LOW   TIME     HUM       Baro      Rain    SPEED      HIGH   TIME       DIR
--------------------------------------------------------------------------------------------------------------
   1     3.8     6.1  14:25     2.0  00:10      90      989.9       1.2      1.8      14.5  01:25        SO
   2     4.4     6.6  15:35     3.1  07:45      95      995.8       0.4      1.1       8.0  11:40        SO
   3     3.7     4.6  13:10     2.9  23:55      83     1015.7       0.0      7.7      22.5  07:40      N-NO
   4     2.6     6.0  15:20    -0.9  07:05      78     1028.1       0.0      2.7      11.3  12:35        SO
   5     3.3     7.4  14:45    -0.2  23:55      77     1028.0       0.0      2.7      11.3  08:45      S-SO
   6     1.2     6.4  15:45    -1.8  04:40      84     1025.3       0.0      2.0      12.9  10:15         S
   7     2.8     5.9  16:40    -0.5  00:20      88     1015.8       0.6      4.7      17.7  12:00      S-SO
   8     6.9    10.7  14:15     3.3  00:00      82     1015.6       0.0      6.7      17.7  14:25         S
   9     7.9    10.8  13:25     6.4  23:25      84     1010.6       4.4      8.6      27.4  13:45      W-SW
  10     8.5    12.9  11:55     6.0  01:05      81     1001.3       4.6     11.8      32.2  13:15      W-SW
  11     6.1     8.2  15:25     3.2  23:55      77     1017.2       0.4      8.9      24.1  01:30      W-SW
  12     4.6     8.0  15:10     1.7  02:00      77     1033.7       0.0      2.6       9.7  12:35      W-SW
  13     3.3    10.3  15:50    -1.4  07:25      78     1036.4       0.0      0.8       6.4  12:30      W-SW
  14     2.5     9.6  15:40    -2.2  06:40      87     1035.7       0.0      0.6       6.4  11:45      N-NW
  15     4.3    14.1  15:50    -1.4  07:10      83     1031.9       0.0      0.5       6.4  11:10      O-NO
  16     5.4    15.0  15:55    -1.2  07:30      79     1027.3       0.2      1.7      11.3  12:00         S
  17     6.2    16.8  15:05    -1.1  07:30      75     1023.4       0.0      1.7      11.3  13:45         S
  18     6.5    15.6  15:55    -0.6  07:00      72     1019.5       0.0      1.6      12.9  10:20      S-SO
  19     6.7    11.1  15:05     4.3  23:25      79     1019.7       0.0      1.6       9.7  14:50         S
  20     6.3    12.8  15:45     1.3  06:35      84     1023.7       0.0      1.5       9.7  14:05      O-SO
  21     8.1    13.0  16:10     3.2  02:20      84     1027.3       0.0      1.2       8.0  07:10         S
  22    10.2    14.1  13:10     5.3  22:30      79     1033.1       0.0      2.3      14.5  13:05        NO
  23     6.3    11.6  15:15     1.9  06:00      63     1037.4       0.0      2.4      14.5  13:55      O-NO
  24     5.5    13.5  16:40    -1.3  07:35      47     1036.9       0.0      1.5       9.7  09:20      N-NO
  25     7.4    16.7  15:15    -0.4  07:35      54     1036.3       0.0      0.8       6.4  12:15         N
  26     8.2    18.7  15:25     0.7  07:30      70     1032.9       0.0      0.6       6.4  12:00        NW
  27     7.9    18.5  15:20     0.4  07:05      70     1026.0       0.0      0.4       6.4  12:30         N
  28    11.6    19.4  14:45     4.1  07:05      66     1017.2       0.2      7.9      25.7  17:00      W-SW
--------------------------------------------------------------------------------------------------------------
Avg:     5.8    19.4     28    -2.2     14      77     1022.9      12.0      3.2      32.2     10      W-SW


Distribution WD Values         1552
Distribution WD N-NO        5.863%
Distribution WD NO          4.381%
Distribution WD NO-O        1.611%
Distribution WD O           1.289%
Distribution WD O-SO        2.191%
Distribution WD SO          4.446%
Distribution WD SO-S       11.147%
Distribution WD S          13.144%
Distribution WD S-SW        6.250%
Distribution WD SW         12.178%
Distribution WD SW-W       25.387%
Distribution WD W           5.541%
Distribution WD W-NW        0.258%
Distribution WD NW          0.322%
Distribution WD NW-N        1.675%
Distribution WD N           4.317%

Rain days >0.0 l/m Month     8
Rain days >2.0 l/m Month     2
Rain days >20.0 l/m Month    0


Ice days    max <  0C      0
Cold days   min <= 0C     12
Cool days   max < 10C     10
Summer days max >=25C      0
Hot days    max >=30C      0

Last year same Month: Ice days    max <  0C      3
Last year same Month: Cold days   min <= 0C     20
Last year same Month: Cool days   max < 10C     28
Last year same Month: Summer days max >=25C      0
Last year same Month: Hot days    max >=30C      0

 1999-2018  Werner Krenn - Wetterstation Bedien- und Auswertesoftware - V2.99.4