MONTHLY CLIMATOLOGICAL SUMMARY for Juni 2020 CITY: Mannheim-Seckenheim ELEV: 96 m LAT: 49° 28' 7" LONG: 8° 33' 26" TEMPERATURE (°C), BAROMETER (hPa), RAIN (l/m²), WIND SPEED (km/h) MEAN TEMPERATURE WIND DOM DAY TEMP HIGH TIME LOW TIME HUM Baro Rain SPEED HIGH TIME DIR -------------------------------------------------------------------------------------------------------------- 1 20.8 27.6 17:30 12.5 06:10 50 1018.1 0.0 4.6 16.1 12:15 N-NO 2 21.9 28.7 17:40 12.7 05:50 51 1014.0 0.0 2.2 11.3 01:15 O-NO 3 20.9 29.4 14:50 14.0 05:40 61 1003.3 0.8 2.6 12.9 18:15 W-SW 4 16.3 19.9 12:45 11.8 21:10 89 995.2 34.4 1.9 12.9 11:35 W-SW 5 13.2 15.6 13:40 11.4 23:55 85 997.8 2.6 5.5 24.1 18:35 W 6 13.8 18.2 17:20 11.1 03:20 88 1002.3 7.2 4.8 20.9 15:25 W 7 15.8 19.6 15:20 12.7 06:10 74 1007.0 0.2 3.4 12.9 14:35 W-SW 8 16.4 22.3 17:35 10.8 05:25 68 1011.5 0.0 2.2 14.5 17:55 NO 9 15.7 19.7 16:05 12.1 05:25 74 1013.3 0.0 3.1 16.1 16:05 N-NO 10 15.8 18.2 15:00 13.8 06:40 85 1012.1 1.2 2.0 9.7 00:45 N-NO 11 15.6 18.7 15:35 13.3 05:30 86 1008.7 0.4 1.0 11.3 16:20 O-NO 12 20.8 29.2 16:55 11.1 05:15 69 1004.9 0.0 4.2 20.9 13:30 O 13 21.8 27.7 18:10 15.2 05:35 64 1008.3 0.0 3.6 12.9 01:05 SW 14 18.5 21.0 00:50 15.9 23:50 83 1012.4 6.0 3.1 14.5 16:45 W-SW 15 17.8 20.6 14:20 15.7 06:20 90 1015.6 4.2 1.0 9.7 16:30 S-SO 16 18.1 21.7 17:25 15.5 06:40 89 1014.5 4.0 0.9 8.0 15:40 NO 17 18.0 22.8 12:05 14.9 23:45 89 1009.9 23.6 2.2 16.1 17:45 N-NO 18 18.4 24.6 18:10 12.4 06:05 77 1011.4 0.2 2.8 14.5 13:15 W-SW 19 18.7 23.8 15:40 14.2 04:10 75 1014.8 0.0 3.1 14.5 13:55 W-SW 20 18.6 23.6 18:25 14.2 05:55 78 1018.7 0.8 1.2 11.3 14:30 S 21 20.0 26.7 17:20 12.5 05:30 70 1019.0 0.0 1.6 11.3 15:30 SW 22 21.1 25.9 15:00 16.1 04:10 70 1021.6 0.0 2.3 12.9 15:55 N-NO 23 21.8 28.1 17:15 14.6 05:35 62 1022.2 0.0 3.8 16.1 13:30 N-NO 24 23.2 29.3 16:40 15.3 05:55 52 1019.6 0.0 4.0 14.5 10:05 N-NO 25 23.0 27.2 14:10 16.4 05:20 59 1016.4 0.0 4.7 19.3 14:05 O 26 23.3 30.9 16:45 16.3 05:35 65 1011.4 0.0 3.7 19.3 18:45 W-SW 27 24.5 30.3 17:15 18.2 05:40 70 1010.7 0.0 6.1 20.9 16:20 W-SW 28 20.8 25.5 14:00 15.8 23:10 78 1013.2 2.8 5.5 24.1 11:30 W-SW 29 18.8 24.7 17:50 15.0 02:00 78 1012.5 5.2 5.3 29.0 14:00 S-SO 30 18.5 23.9 18:20 12.3 05:05 68 1011.5 0.0 6.4 20.9 16:00 W-SW -------------------------------------------------------------------------------------------------------------- Avg: 19.1 30.9 26 10.8 8 73 1011.7 93.6 3.3 29.0 29 W-SW Distribution WD Values 1283 Distribution WD N-NO 11.691% Distribution WD NO 9.119% Distribution WD NO-O 7.093% Distribution WD O 7.794% Distribution WD O-SO 4.209% Distribution WD SO 2.182% Distribution WD SO-S 4.599% Distribution WD S 2.572% Distribution WD S-SW 2.962% Distribution WD SW 12.549% Distribution WD SW-W 21.590% Distribution WD W 9.275% Distribution WD W-NW 0.779% Distribution WD NW 0.312% Distribution WD NW-N 0.312% Distribution WD N 2.962% Rain days >0.0 l/m² Month 15 Rain days >2.0 l/m² Month 9 Rain days >20.0 l/m² Month 2 Ice days max < 0°C 0 Cold days min <= 0°C 0 Cool days max < 10°C 0 Summer days max >=25°C 13 Hot days max >=30°C 2 Last year same Month: Ice days max < 0°C 0 Last year same Month: Cold days min <= 0°C 0 Last year same Month: Cool days max < 10°C 0 Last year same Month: Summer days max >=25°C 24 Last year same Month: Hot days max >=30°C 13 © 1999-2020 Werner Krenn - Wetterstation Bedien- und Auswertesoftware - V2.99.8.8