MONTHLY CLIMATOLOGICAL SUMMARY for Februar 2021 CITY: Mannheim-Seckenheim ELEV: 96 m LAT: 49° 28' 7" LONG: 8° 33' 26" TEMPERATURE (°C), BAROMETER (hPa), RAIN (l/m²), WIND SPEED (km/h) MEAN TEMPERATURE WIND DOM DAY TEMP HIGH TIME LOW TIME HUM Baro Rain SPEED HIGH TIME DIR -------------------------------------------------------------------------------------------------------------- 1 5.2 7.2 13:45 3.6 00:05 96 994.0 7.6 0.6 12.9 13:25 SO 2 8.5 11.3 16:30 5.8 00:00 96 1002.4 4.2 5.0 19.3 05:45 S-SO 3 11.0 12.3 20:55 10.2 01:30 91 1000.7 6.2 10.6 37.0 21:45 S-SO 4 8.6 11.0 14:20 4.8 23:35 79 1012.8 0.0 5.1 35.4 00:35 SW 5 7.2 8.8 13:10 4.9 00:00 96 1011.7 5.4 0.3 8.0 23:10 O-SO 6 7.5 9.2 12:20 6.6 23:50 95 1005.1 4.8 2.0 14.5 17:50 NO 7 5.7 7.8 15:25 1.4 23:55 94 995.9 3.2 1.7 17.7 00:15 O-NO 8 -1.5 1.3 00:00 -3.8 23:55 94 997.0 3.0 2.3 11.3 04:15 N-NW 9 -4.9 -3.8 00:00 -6.0 23:55 85 1003.9 0.0 4.7 14.5 19:35 N-NO 10 -6.4 -4.6 16:40 -9.9 23:50 83 1009.1 1.5 6.6 16.1 10:55 N 11 -6.0 -0.6 13:55 -10.8 03:25 86 1026.9 0.0 0.4 8.0 13:35 O-SO 12 -3.9 -0.7 12:15 -6.6 02:10 72 1030.4 0.2 8.1 25.7 14:15 O-NO 13 -3.6 0.5 14:25 -7.8 06:50 66 1037.0 0.0 8.4 22.5 15:00 NO 14 -1.4 4.9 15:15 -8.5 07:55 62 1037.9 0.0 3.4 14.5 02:45 O-SO 15 1.1 3.5 20:00 -2.0 06:50 62 1030.0 1.0 5.0 16.1 00:45 S-SO 16 6.4 10.7 14:35 3.0 00:15 81 1019.4 1.0 4.5 16.1 13:15 SO 17 8.3 12.3 14:00 5.0 21:15 84 1018.9 1.0 3.8 20.9 12:15 W-SW 18 6.3 11.0 15:15 0.6 06:20 83 1014.3 0.2 2.2 14.5 22:05 S-SO 19 8.7 13.1 14:55 3.3 07:50 83 1017.6 0.0 3.7 20.9 01:30 W-SW 20 9.4 16.7 16:25 4.7 08:00 83 1016.4 0.0 1.9 17.7 14:20 S-SO 21 8.6 18.3 15:20 1.7 07:40 83 1016.0 0.0 0.4 8.0 14:30 O-SO 22 7.2 14.3 16:10 1.4 07:20 87 1021.5 0.2 0.5 9.7 13:20 O-SO 23 11.0 19.4 15:20 3.7 06:55 78 1031.8 0.0 2.6 12.9 11:45 S-SO 24 12.8 19.9 15:10 7.7 07:05 75 1031.1 0.0 2.3 12.9 10:05 S-SO 25 12.2 20.0 15:25 7.2 01:15 69 1027.2 0.0 2.8 14.5 15:20 S-SO 26 7.5 11.2 11:00 3.1 23:30 84 1030.1 0.0 3.8 20.9 12:40 N 27 6.1 11.2 15:40 2.6 00:35 80 1036.1 0.0 5.9 20.9 12:15 N-NO 28 5.8 13.1 15:45 -0.3 05:00 72 1034.0 0.0 3.3 16.1 16:20 N-NO -------------------------------------------------------------------------------------------------------------- Avg: 4.9 20.0 25 -10.8 11 82 1018.2 39.5 3.6 37.0 3 S-SO Distribution WD Values 1807 Distribution WD N-NO 14.499% Distribution WD NO 10.459% Distribution WD NO-O 8.799% Distribution WD O 3.431% Distribution WD O-SO 3.597% Distribution WD SO 7.416% Distribution WD SO-S 15.717% Distribution WD S 3.431% Distribution WD S-SW 2.048% Distribution WD SW 7.194% Distribution WD SW-W 8.246% Distribution WD W 0.941% Distribution WD W-NW 0.111% Distribution WD NW 1.051% Distribution WD NW-N 5.257% Distribution WD N 7.803% Rain days >0.0 l/m² Month 14 Rain days >2.0 l/m² Month 7 Rain days >20.0 l/m² Month 0 Ice days max < 0°C 4 Cold days min <= 0°C 9 Cool days max < 10°C 12 Summer days max >=25°C 0 Hot days max >=30°C 0 Last year same Month: Ice days max < 0°C 0 Last year same Month: Cold days min <= 0°C 3 Last year same Month: Cool days max < 10°C 13 Last year same Month: Summer days max >=25°C 0 Last year same Month: Hot days max >=30°C 0 © 1999-2020 Werner Krenn - Wetterstation Bedien- und Auswertesoftware - V2.99.8.8