MONTHLY CLIMATOLOGICAL SUMMARY for Januar 2004 CITY: Mannheim-Seckenheim ELEV: 96 m LAT: 49° 28' 7" LONG: 8° 33' 26" TEMPERATURE (°C), BAROMETER (hPa), RAIN (l/m²), WIND SPEED (km/h) MEAN TEMPERATURE WIND DOM DAY TEMP HIGH TIME LOW TIME HUM Baro Rain SPEED HIGH TIME DIR -------------------------------------------------------------------------------------------------------------- 1 0.1 1.9 12:44 -3.2 00:49 70 1017.2 0.5 0.4 22.0 19:34 NO 2 -0.5 0.8 12:39 -3.4 23:54 63 1017.0 0.0 5.0 15.8 14:54 NO 3 -3.2 -0.6 13:48 -6.4 05:13 63 1024.7 0.0 1.3 8.4 05:18 NO 4 -3.5 -0.8 23:55 -6.2 01:58 74 1021.3 1.5 0.7 9.3 22:13 W 5 0.3 1.0 12:40 -0.8 00:00 87 1023.7 0.7 0.3 5.5 04:10 W 6 2.3 3.3 12:30 0.8 00:05 97 1022.8 8.6 0.3 3.0 03:20 NO 7 4.0 6.2 14:15 2.3 20:05 97 1021.3 0.0 0.1 2.8 04:25 NO 8 2.8 3.9 00:30 0.8 03:05 94 1014.0 3.2 0.7 8.1 13:10 NO 9 5.7 8.4 14:50 3.7 00:00 90 1006.8 7.6 2.3 20.5 17:24 W 10 4.7 6.8 13:34 3.1 18:00 78 1016.6 1.1 3.9 17.6 01:10 W 11 7.9 10.6 16:45 5.0 00:00 91 1011.2 6.5 1.9 15.8 20:20 W 12 6.5 11.2 20:35 4.2 08:15 83 1003.9 14.0 8.6 46.3 20:40 W 13 7.9 11.4 13:44 6.4 07:49 79 996.0 5.0 5.9 24.6 14:34 W 14 6.6 8.1 14:40 5.2 23:00 67 1001.1 1.4 9.9 23.6 03:44 W 15 4.9 6.2 13:45 3.8 22:04 69 1007.4 0.4 10.6 29.0 07:10 W 16 5.4 7.6 15:25 3.3 04:55 70 1001.3 0.7 9.0 27.5 13:35 W 17 4.2 6.9 00:00 0.1 22:05 81 1001.6 0.4 1.0 15.5 15:34 W 18 0.3 4.3 13:40 -3.0 23:27 82 1018.0 0.4 2.5 15.1 13:15 NO 19 -1.0 1.1 22:48 -3.1 01:27 87 1019.3 4.7 4.6 20.0 17:33 W-SW 20 2.6 5.6 14:33 0.6 23:38 86 1010.5 16.2 2.2 15.3 03:18 NO 21 0.4 1.8 12:23 -0.5 23:28 66 1020.9 0.0 0.4 8.8 12:08 O 22 -1.9 0.9 15:19 -4.8 07:54 83 1023.9 0.0 0.0 3.1 00:48 NO 23 -1.0 2.1 14:14 -4.2 23:59 64 1021.8 0.0 0.2 5.0 11:49 O 24 -2.1 1.4 15:19 -5.1 04:44 75 1017.7 3.2 0.2 7.7 09:19 W 25 1.2 3.9 14:39 -0.8 03:39 95 1016.4 0.4 0.0 0.4 16:09 N 26 0.2 2.6 14:19 -2.9 07:24 83 1006.2 0.0 1.5 12.9 11:29 O-NO 27 -0.1 0.7 13:24 -0.6 06:04 87 1001.6 4.0 0.9 13.0 21:53 NO 28 -0.4 1.6 12:48 -2.4 08:18 84 1003.7 2.0 0.9 9.0 14:18 W 29 0.6 2.7 14:04 -1.4 00:04 72 1005.4 2.0 7.0 17.6 04:34 W 30 0.6 3.8 13:43 -1.6 19:44 64 1018.2 0.0 4.9 24.5 12:13 W 31 5.4 11.3 23:44 -1.0 00:04 58 1013.6 0.0 4.7 32.0 23:19 W -------------------------------------------------------------------------------------------------------------- Avg: 2.0 11.4 13 -6.4 3 79 1013.1 84.5 3.0 46.3 12 W Distribution WD Values 3151 Distribution WD N-NO 4.062% Distribution WD NO 9.806% Distribution WD NO-O 6.189% Distribution WD O 2.888% Distribution WD O-SO 0.508% Distribution WD SO 0.127% Distribution WD SO-S 0.032% Distribution WD S 0.381% Distribution WD S-SW 0.444% Distribution WD SW 2.761% Distribution WD SW-W 19.105% Distribution WD W 45.351% Distribution WD W-NW 3.618% Distribution WD NW 1.269% Distribution WD NW-N 0.762% Distribution WD N 2.698% Rain days >0.0 l/m² Month 22 Rain days >2.0 l/m² Month 10 Rain days >20.0 l/m² Month 0 Ice days max < 0°C 2 Cold days min <= 0°C 18 Cool days max < 10°C 27 Summer days max >=25°C 0 Hot days max >=30°C 0 Last year same Month: Ice days max < 0°C 9 Last year same Month: Cold days min <= 0°C 18 Last year same Month: Cool days max < 10°C 28 Last year same Month: Summer days max >=25°C 0 Last year same Month: Hot days max >=30°C 0 © 1999-2020 Werner Krenn - Wetterstation Bedien- und Auswertesoftware - V2.99.8.8