MONTHLY CLIMATOLOGICAL SUMMARY for Dezember 2008 CITY: Mannheim-Seckenheim ELEV: 96 m LAT: 49° 28' 7" LONG: 8° 33' 26" TEMPERATURE (°C), BAROMETER (hPa), RAIN (l/m²), WIND SPEED (km/h) MEAN TEMPERATURE WIND DOM DAY TEMP HIGH TIME LOW TIME HUM Baro Rain SPEED HIGH TIME DIR -------------------------------------------------------------------------------------------------------------- 1 2.0 4.6 15:30 -0.4 05:00 87 1000.4 0.0 0.9 8.2 10:30 W-SW 2 3.7 4.7 13:15 2.6 17:31 86 1009.6 4.3 5.3 19.5 13:41 W-SW 3 3.4 4.7 09:11 1.9 02:50 84 1003.5 2.8 5.4 21.5 09:16 W-SW 4 5.0 7.5 14:36 2.2 03:10 88 998.9 4.3 4.4 17.5 18:30 SW 5 6.1 7.3 14:45 5.4 06:11 90 993.7 6.7 3.9 21.1 22:40 W-SW 6 5.6 6.2 03:05 4.5 22:45 88 1008.4 4.3 5.9 18.0 01:06 W-SW 7 4.0 6.4 14:06 0.0 23:46 90 1026.0 1.1 0.7 8.7 15:50 W 8 0.2 1.8 21:20 -1.9 07:30 93 1028.7 0.0 0.4 7.1 23:55 W 9 1.3 3.0 19:55 -0.3 07:55 90 1018.1 0.0 2.2 10.0 01:10 SW 10 2.2 3.2 15:10 1.3 23:45 91 1015.0 0.7 0.6 8.3 01:00 W 11 1.6 2.7 12:45 0.6 05:45 91 1013.9 0.4 1.1 9.6 11:25 N-NO 12 0.7 1.7 00:00 -0.6 07:15 88 1020.1 0.0 1.5 10.1 12:40 NO 13 0.3 2.0 15:35 -2.4 23:15 85 1010.2 0.0 1.6 9.5 08:50 NO 14 1.3 5.6 15:20 -2.7 07:30 87 1003.5 0.4 3.0 17.8 15:20 O-NO 15 1.8 6.4 14:54 -1.6 09:05 88 1012.1 0.4 3.8 14.1 21:20 N 16 1.7 2.6 12:25 0.8 01:05 91 1016.1 0.0 5.6 13.3 05:05 N 17 1.1 1.9 14:20 0.6 20:40 89 1015.0 0.4 1.9 11.6 10:25 W 18 2.0 3.8 13:30 0.5 01:15 91 1022.7 1.8 1.3 10.1 18:00 W-SW 19 3.4 7.2 16:00 0.3 22:00 90 1025.5 3.2 2.8 13.2 15:45 W 20 6.1 9.4 22:45 1.3 00:00 91 1027.3 6.4 7.6 19.7 17:10 W-SW 21 8.5 10.5 14:55 6.7 05:01 89 1032.7 2.1 3.2 14.5 15:15 W 22 8.1 9.5 13:20 5.5 23:55 90 1034.4 3.5 4.2 21.3 13:05 W-SW 23 3.5 6.8 14:25 0.9 06:45 92 1037.2 0.4 0.1 4.8 12:40 W-SW 24 2.1 3.3 17:50 1.1 00:45 93 1033.9 0.4 0.6 9.0 16:10 W-SW 25 3.4 6.3 13:15 1.0 23:55 84 1032.2 0.0 6.8 27.6 21:50 NO 26 0.5 3.3 14:20 -1.4 23:55 68 1036.9 0.0 10.2 27.4 00:45 NO 27 -0.1 1.5 13:20 -2.3 03:05 71 1036.1 0.0 9.2 19.0 15:15 O-NO 28 -0.2 1.9 14:20 -2.0 08:40 68 1031.4 0.0 7.7 22.8 03:50 O-NO 29 -2.4 0.9 14:10 -4.8 08:50 77 1032.2 0.0 2.0 9.2 05:01 NO 30 -4.0 0.3 15:00 -6.4 08:10 84 1033.4 0.0 0.2 5.7 13:25 W 31 -3.7 -0.9 23:37 -6.6 06:30 89 1029.1 0.0 0.7 10.1 19:15 NO -------------------------------------------------------------------------------------------------------------- Avg: 2.2 10.5 21 -6.6 31 87 1020.6 43.3 3.4 27.6 25 W-SW Distribution WD Values 4005 Distribution WD N-NO 8.789% Distribution WD NO 15.655% Distribution WD NO-O 12.285% Distribution WD O 3.271% Distribution WD O-SO 0.350% Distribution WD SO 0.574% Distribution WD SO-S 0.699% Distribution WD S 1.698% Distribution WD S-SW 2.447% Distribution WD SW 7.865% Distribution WD SW-W 18.602% Distribution WD W 13.808% Distribution WD W-NW 2.172% Distribution WD NW 1.698% Distribution WD NW-N 2.797% Distribution WD N 7.291% Rain days >0.0 l/m² Month 18 Rain days >2.0 l/m² Month 9 Rain days >20.0 l/m² Month 0 Ice days max < 0°C 1 Cold days min <= 0°C 13 Cool days max < 10°C 30 Summer days max >=25°C 0 Hot days max >=30°C 0 Last year same Month: Ice days max < 0°C 6 Last year same Month: Cold days min <= 0°C 16 Last year same Month: Cool days max < 10°C 27 Last year same Month: Summer days max >=25°C 0 Last year same Month: Hot days max >=30°C 0 © 1999-2020 Werner Krenn - Wetterstation Bedien- und Auswertesoftware - V2.99.8.8