MONTHLY CLIMATOLOGICAL SUMMARY for Februar 2020 CITY: Mannheim-Seckenheim ELEV: 96 m LAT: 49° 28' 7" LONG: 8° 33' 26" TEMPERATURE (°C), BAROMETER (hPa), RAIN (l/m²), WIND SPEED (km/h) MEAN TEMPERATURE WIND DOM DAY TEMP HIGH TIME LOW TIME HUM Baro Rain SPEED HIGH TIME DIR -------------------------------------------------------------------------------------------------------------- 1 12.3 14.3 11:30 8.9 22:55 87 1008.6 8.6 8.8 25.7 22:00 W-SW 2 11.6 14.9 17:35 8.6 03:30 86 1011.4 1.0 7.6 37.0 20:45 W-SW 3 10.4 12.1 14:45 8.9 21:50 87 1013.4 9.2 5.6 17.7 19:05 W-SW 4 6.3 10.4 01:15 5.3 04:10 84 1013.3 10.4 9.3 27.4 02:55 W-SW 5 5.0 8.3 15:40 0.8 23:55 75 1032.0 0.0 4.3 16.1 06:10 N 6 1.8 7.7 15:40 -2.1 08:15 84 1032.0 0.0 0.8 8.0 13:25 N-NO 7 1.8 8.4 15:50 -2.5 06:45 83 1027.2 0.2 0.4 4.8 11:40 N 8 3.5 9.3 16:05 -1.8 04:00 80 1023.4 0.0 1.3 9.7 12:00 S 9 9.8 14.1 20:10 4.3 00:00 71 1014.5 0.0 10.6 27.4 20:05 W-SW 10 10.6 15.1 03:05 6.7 20:55 72 1001.6 13.6 23.0 51.5 03:00 W-SW 11 6.8 9.4 12:40 3.2 20:05 69 1008.2 4.0 19.7 35.4 12:55 W-SW 12 4.9 8.0 16:10 2.1 23:45 80 1017.0 0.2 9.5 25.7 12:05 W-SW 13 4.6 7.4 23:40 2.1 00:00 90 1009.5 10.4 4.8 24.1 13:20 S-SO 14 7.9 9.7 15:50 6.0 06:55 84 1019.0 1.2 4.9 25.7 00:40 W-SW 15 8.1 12.2 16:10 3.7 07:30 80 1021.8 0.0 4.3 14.5 14:15 S-SO 16 13.9 19.3 15:05 9.7 00:10 57 1012.8 0.0 8.1 33.8 23:20 S-SO 17 10.3 17.9 00:50 8.3 23:45 80 1016.3 1.6 10.0 43.5 01:55 W-SW 18 7.8 9.4 12:35 6.4 06:15 75 1024.4 1.2 10.8 27.4 10:55 W-SW 19 6.7 9.4 15:20 3.7 23:25 75 1020.5 1.6 8.4 24.1 12:55 SW 20 8.1 10.8 15:00 4.1 00:00 75 1019.5 0.2 8.7 22.5 23:55 W-SW 21 6.8 10.2 14:05 2.6 07:10 70 1027.0 0.0 7.1 30.6 01:40 W-SW 22 8.2 12.3 17:05 3.2 07:40 68 1025.8 0.6 8.6 25.7 21:05 W-SW 23 11.2 14.1 17:10 7.6 23:55 84 1019.8 6.6 15.1 35.4 14:30 W-SW 24 9.2 13.2 17:10 6.8 05:15 86 1017.8 1.4 6.8 25.7 17:05 S-SO 25 8.6 11.4 00:00 5.9 22:20 88 1002.8 10.8 8.1 19.3 11:10 W-SW 26 4.6 6.2 12:00 1.8 07:35 82 1001.2 2.6 10.9 37.0 12:15 W-SW 27 3.4 6.0 11:15 1.2 19:50 88 1001.7 10.8 8.2 20.9 15:55 W-SW 28 5.8 9.6 15:20 2.6 05:45 72 1015.6 0.0 7.6 19.3 10:25 W-SW 29 10.2 16.0 14:35 6.4 23:55 74 999.8 4.4 8.9 27.4 17:10 W-SW -------------------------------------------------------------------------------------------------------------- Avg: 7.6 19.3 16 -2.5 7 79 1015.8 100.6 8.4 51.5 10 W-SW Distribution WD Values 4383 Distribution WD N-NO 1.506% Distribution WD NO 0.684% Distribution WD NO-O 0.365% Distribution WD O 0.388% Distribution WD O-SO 0.342% Distribution WD SO 1.186% Distribution WD SO-S 8.008% Distribution WD S 8.419% Distribution WD S-SW 6.115% Distribution WD SW 20.488% Distribution WD SW-W 42.779% Distribution WD W 7.529% Distribution WD W-NW 0.205% Distribution WD NW 0.091% Distribution WD NW-N 0.479% Distribution WD N 1.415% Rain days >0.0 l/m² Month 21 Rain days >2.0 l/m² Month 11 Rain days >20.0 l/m² Month 0 Ice days max < 0°C 0 Cold days min <= 0°C 3 Cool days max < 10°C 13 Summer days max >=25°C 0 Hot days max >=30°C 0 Last year same Month: Ice days max < 0°C 0 Last year same Month: Cold days min <= 0°C 12 Last year same Month: Cool days max < 10°C 10 Last year same Month: Summer days max >=25°C 0 Last year same Month: Hot days max >=30°C 0 © 1999-2020 Werner Krenn - Wetterstation Bedien- und Auswertesoftware - V2.99.8.8