MONTHLY CLIMATOLOGICAL SUMMARY for April 2023 CITY: Mannheim-Seckenheim ELEV: 96 m LAT: 49° 28' 7" LONG: 8° 33' 26" TEMPERATURE (°C), BAROMETER (hPa), RAIN (l/m²), WIND SPEED (km/h) MEAN TEMPERATURE WIND DOM DAY TEMP HIGH TIME LOW TIME HUM Baro Rain SPEED HIGH TIME DIR -------------------------------------------------------------------------------------------------------------- 1 10.8 12.2 16:10 9.9 07:35 83 1001.2 0.4 12.1 25.7 06:00 SW 2 8.8 12.5 12:45 5.4 23:25 88 1014.6 1.6 5.9 17.7 15:00 N-NO 3 5.7 10.3 15:55 0.8 07:15 63 1026.1 0.0 9.3 22.5 10:20 NO 4 5.3 10.8 16:55 -0.1 06:15 55 1024.8 0.0 7.7 19.3 11:55 NO 5 5.3 11.5 16:35 -0.7 07:25 59 1020.9 0.0 2.3 12.9 12:30 NO 6 7.4 14.7 15:15 -0.3 05:40 63 1018.0 1.0 5.2 20.9 13:35 S-SO 7 9.7 13.5 14:00 7.3 01:20 83 1015.7 0.8 5.3 19.3 14:35 N-NW 8 10.2 14.1 16:10 7.2 01:30 76 1021.0 0.0 5.4 19.3 10:05 N 9 10.9 16.5 16:45 6.6 07:50 65 1023.0 0.0 2.6 16.1 16:05 NO 10 12.3 19.4 16:10 3.6 06:45 60 1018.4 0.0 4.9 22.5 12:50 SO 11 12.0 15.8 15:55 8.5 06:35 69 1013.2 9.4 9.2 29.0 14:20 W-SW 12 10.3 13.1 14:40 7.9 22:55 88 1003.3 7.8 6.8 20.9 12:30 S-SO 13 8.8 12.5 15:05 5.2 23:45 81 1005.3 1.6 7.8 27.4 11:20 SW 14 8.8 16.2 16:55 2.5 05:15 73 1007.7 0.2 1.8 11.3 15:15 S 15 8.5 14.3 13:00 2.7 06:35 81 1008.9 1.8 7.4 25.7 15:25 N-NW 16 9.6 11.0 17:55 8.5 03:50 91 1018.6 2.2 7.5 19.3 12:55 N-NW 17 11.1 14.5 14:00 7.7 06:45 81 1021.4 0.0 6.3 22.5 12:05 N-NO 18 11.6 16.0 17:35 7.6 06:15 72 1021.4 0.0 9.1 20.9 13:50 NO 19 12.0 16.7 15:35 7.4 23:25 66 1019.8 0.0 8.8 25.7 17:00 N-NO 20 8.1 12.8 14:10 3.8 03:50 73 1013.7 1.4 3.8 17.7 14:20 N-NO 21 10.7 19.7 17:25 2.8 06:25 82 1010.8 0.2 2.6 27.4 18:50 O-SO 22 15.5 22.8 14:20 8.7 06:30 72 1008.2 0.6 3.8 20.9 13:40 SW 23 14.6 20.8 15:30 11.5 06:30 81 1006.8 5.4 4.8 22.5 18:20 S-SO 24 11.5 13.8 13:45 8.8 06:50 78 1007.2 1.2 11.1 29.0 10:45 SW 25 9.7 12.0 12:40 6.6 23:55 76 1011.8 3.8 5.9 19.3 14:20 N-NW 26 8.8 14.6 16:55 2.1 06:10 67 1016.9 0.0 2.4 14.5 14:25 N 27 11.3 18.3 18:05 3.6 04:10 66 1016.7 0.0 1.5 11.3 13:00 NW 28 13.5 16.9 16:10 10.9 02:50 93 1011.5 20.6 1.4 16.1 11:15 SO 29 13.1 16.2 17:00 11.2 05:35 86 1015.3 0.0 4.9 17.7 13:45 N-NW 30 14.7 20.2 16:25 11.1 23:50 67 1018.3 0.0 5.4 17.7 16:15 O-NO -------------------------------------------------------------------------------------------------------------- Avg: 10.3 22.8 22 -0.7 5 75 1014.7 60.0 5.8 29.0 11 N-NW Distribution WD Values 3554 Distribution WD N-NO 13.056% Distribution WD NO 10.158% Distribution WD NO-O 8.526% Distribution WD O 3.630% Distribution WD O-SO 2.110% Distribution WD SO 2.729% Distribution WD SO-S 8.582% Distribution WD S 3.714% Distribution WD S-SW 2.870% Distribution WD SW 12.493% Distribution WD SW-W 5.909% Distribution WD W 0.675% Distribution WD W-NW 0.394% Distribution WD NW 1.125% Distribution WD NW-N 15.644% Distribution WD N 8.385% Rain days >0.0 l/m² Month 17 Rain days >2.0 l/m² Month 6 Rain days >20.0 l/m² Month 1 Ice days max < 0°C 0 Cold days min <= 0°C 3 Cool days max < 10°C 0 Summer days max >=25°C 0 Hot days max >=30°C 0 Last year same Month: Ice days max < 0°C 0 Last year same Month: Cold days min <= 0°C 1 Last year same Month: Cool days max < 10°C 4 Last year same Month: Summer days max >=25°C 0 Last year same Month: Hot days max >=30°C 0 © 1999-2022 Werner Krenn - Wetterstation Bedien- und Auswertesoftware - V2.99.9.0