MONTHLY CLIMATOLOGICAL SUMMARY for Mai 2023 CITY: Mannheim-Seckenheim ELEV: 96 m LAT: 49° 28' 7" LONG: 8° 33' 26" TEMPERATURE (°C), BAROMETER (hPa), RAIN (l/m²), WIND SPEED (km/h) MEAN TEMPERATURE WIND DOM DAY TEMP HIGH TIME LOW TIME HUM Baro Rain SPEED HIGH TIME DIR -------------------------------------------------------------------------------------------------------------- 1 14.3 19.2 16:40 9.4 06:20 68 1013.8 0.0 1.8 14.5 13:30 S 2 13.7 19.2 16:20 8.2 06:10 73 1020.5 0.0 6.8 22.5 16:25 N-NW 3 13.2 20.7 17:15 6.1 06:30 66 1023.6 0.0 3.4 12.9 15:35 N 4 16.3 24.3 18:15 6.9 05:40 60 1017.8 0.0 3.7 16.1 13:25 O-SO 5 18.0 24.2 15:40 13.6 01:30 72 1015.1 0.2 4.0 17.7 15:00 S-SO 6 17.2 22.9 17:10 11.9 05:30 76 1015.3 0.2 1.6 12.9 13:55 S-SO 7 16.6 25.6 14:55 11.7 06:15 82 1014.8 16.4 2.0 14.5 15:50 NO 8 16.0 18.9 17:55 14.3 05:15 92 1019.1 0.0 0.6 9.7 18:40 N-NO 9 16.7 21.2 15:15 12.3 04:55 89 1012.8 4.4 3.2 14.5 09:40 SO 10 15.2 18.6 14:15 12.4 06:05 82 1010.7 1.6 5.0 19.3 13:50 SW 11 12.9 16.4 16:40 10.4 05:35 86 1013.1 1.4 1.5 14.5 17:45 N-NO 12 14.0 17.5 14:35 11.5 05:45 86 1013.8 0.8 3.4 14.5 14:40 O-NO 13 14.6 21.5 15:50 8.3 05:55 78 1016.6 0.0 3.4 22.5 18:20 O-NO 14 15.4 20.4 16:50 9.9 06:05 76 1014.1 1.2 4.7 22.5 21:15 N-NO 15 15.5 22.3 14:25 9.8 05:20 77 1011.0 0.2 3.8 20.9 18:15 N-NW 16 13.4 17.3 17:20 11.1 23:40 71 1015.5 0.0 13.4 29.0 11:50 N-NW 17 12.0 17.7 16:40 6.6 05:00 65 1022.5 0.0 6.4 19.3 13:00 N-NO 18 14.0 20.1 17:25 6.9 06:25 57 1022.4 0.0 6.8 20.9 13:25 N-NO 19 15.3 19.7 13:40 9.2 06:35 59 1020.1 0.0 7.4 24.1 16:00 N-NO 20 17.6 23.4 16:45 11.8 05:00 68 1015.2 0.0 10.2 27.4 13:00 N-NO 21 20.5 27.7 15:50 14.6 05:55 69 1010.8 0.0 4.6 14.5 11:45 N-NW 22 20.5 28.9 16:15 13.9 05:45 75 1010.9 0.0 2.5 14.5 17:30 W-SW 23 17.5 21.1 15:30 12.1 23:55 76 1015.9 0.0 10.6 25.7 20:35 N-NW 24 13.7 18.4 16:00 9.9 07:10 63 1019.9 0.0 8.9 20.9 12:40 N-NO 25 16.3 23.8 17:15 7.9 05:45 62 1021.4 0.0 8.7 20.9 12:40 N-NO 26 17.8 24.7 17:10 10.5 05:55 65 1022.9 0.0 8.7 22.5 12:15 N-NW 27 18.7 25.8 17:05 11.1 05:20 55 1020.9 0.0 4.5 14.5 13:00 N 28 19.6 27.5 16:20 11.0 06:10 55 1015.9 0.0 3.7 20.9 14:35 N-NO 29 20.7 27.8 17:15 11.8 05:50 53 1016.5 0.0 7.1 24.1 19:15 N-NO 30 19.4 25.4 17:35 12.9 06:30 53 1019.2 0.0 8.9 20.9 13:05 N-NW 31 21.3 27.3 17:00 14.7 06:40 42 1018.3 0.0 10.2 24.1 13:45 O-NO -------------------------------------------------------------------------------------------------------------- Avg: 16.4 28.9 22 6.1 3 69 1016.8 26.4 5.5 29.0 16 N-NW Distribution WD Values 3554 Distribution WD N-NO 23.270% Distribution WD NO 5.965% Distribution WD NO-O 7.541% Distribution WD O 3.573% Distribution WD O-SO 2.335% Distribution WD SO 1.970% Distribution WD SO-S 2.054% Distribution WD S 1.294% Distribution WD S-SW 1.125% Distribution WD SW 1.576% Distribution WD SW-W 1.604% Distribution WD W 0.535% Distribution WD W-NW 0.422% Distribution WD NW 1.210% Distribution WD NW-N 25.014% Distribution WD N 20.512% Rain days >0.0 l/m² Month 9 Rain days >2.0 l/m² Month 2 Rain days >20.0 l/m² Month 0 Ice days max < 0°C 0 Cold days min <= 0°C 0 Cool days max < 10°C 0 Summer days max >=25°C 8 Hot days max >=30°C 0 Last year same Month: Ice days max < 0°C 0 Last year same Month: Cold days min <= 0°C 0 Last year same Month: Cool days max < 10°C 0 Last year same Month: Summer days max >=25°C 12 Last year same Month: Hot days max >=30°C 4 © 1999-2022 Werner Krenn - Wetterstation Bedien- und Auswertesoftware - V2.99.9.0