MONTHLY CLIMATOLOGICAL SUMMARY for Juni 2023 CITY: Mannheim-Seckenheim ELEV: 96 m LAT: 49° 28' 7" LONG: 8° 33' 26" TEMPERATURE (°C), BAROMETER (hPa), RAIN (l/m²), WIND SPEED (km/h) MEAN TEMPERATURE WIND DOM DAY TEMP HIGH TIME LOW TIME HUM Baro Rain SPEED HIGH TIME DIR -------------------------------------------------------------------------------------------------------------- 1 21.5 28.4 16:50 12.9 05:15 52 1015.4 0.0 5.8 20.9 21:05 N-NW 2 17.6 23.6 16:40 11.4 05:35 61 1015.5 0.0 11.0 20.9 13:35 N-NW 3 19.3 26.6 16:30 12.1 05:50 56 1015.5 0.0 6.7 17.7 13:50 N-NO 4 20.2 26.6 17:25 12.8 05:15 44 1016.2 0.0 5.9 20.9 16:05 N-NO 5 20.9 28.1 16:10 11.4 05:45 45 1015.3 0.0 5.2 35.4 15:55 N 6 21.4 27.9 15:50 14.9 06:05 54 1015.3 0.0 5.0 17.7 13:40 N-NO 7 20.3 26.9 17:35 12.9 05:45 65 1015.0 0.0 3.7 17.7 12:45 N-NO 8 20.9 27.3 13:15 14.7 05:45 67 1012.3 0.0 3.6 20.9 19:40 O-NO 9 22.5 30.2 17:05 13.8 05:20 60 1010.9 0.0 4.9 19.3 14:35 O 10 24.6 30.7 17:00 16.8 05:50 52 1011.1 0.0 5.8 24.1 13:10 O-NO 11 25.2 30.5 16:30 18.2 06:15 49 1013.0 0.0 7.5 22.5 13:10 O 12 23.6 29.4 16:40 15.9 05:40 49 1012.3 0.0 5.4 16.1 12:45 O-NO 13 22.5 28.3 16:55 15.6 06:05 41 1010.5 0.0 7.9 20.9 10:15 O-NO 14 21.0 26.2 17:30 14.7 05:25 49 1012.0 0.0 6.5 20.9 13:45 N-NO 15 21.7 28.4 17:00 14.2 05:50 49 1015.0 0.0 4.8 17.7 11:55 N-NO 16 21.9 29.1 17:30 14.5 05:50 50 1014.8 0.0 4.9 19.3 14:20 N 17 22.3 29.9 16:55 13.8 05:45 52 1013.1 0.0 2.4 14.5 14:55 N-NO 18 24.1 33.0 16:55 14.6 05:00 50 1010.7 0.0 2.4 14.5 17:55 O-SO 19 24.8 29.6 17:25 20.3 05:50 64 1010.9 0.0 3.9 16.1 05:30 S-SW 20 25.7 33.3 15:45 19.3 05:15 71 1010.1 8.8 5.2 29.0 21:15 S-SO 21 24.0 29.7 17:55 19.6 03:30 78 1014.7 0.4 3.6 12.9 11:05 S-SW 22 25.8 32.5 15:35 19.6 05:30 70 1012.3 1.8 6.2 20.9 20:45 SW 23 22.8 27.3 16:30 18.7 06:40 60 1019.1 0.0 12.5 29.0 01:15 N-NW 24 23.2 30.4 17:50 15.1 05:40 59 1021.8 0.0 3.1 17.7 14:20 O 25 24.8 32.3 17:05 16.2 05:35 53 1015.9 0.0 3.3 16.1 13:35 O-SO 26 24.6 31.5 15:15 17.8 04:15 54 1013.9 0.0 9.2 27.4 15:20 W-SW 27 21.3 24.8 15:45 16.2 05:40 51 1017.8 0.0 5.8 16.1 02:05 N-NW 28 21.2 26.0 16:15 18.0 05:20 59 1016.4 0.0 2.3 14.5 14:10 N-NW 29 22.1 27.9 16:50 14.9 05:10 64 1013.0 0.0 1.2 8.0 12:35 N-NO 30 21.0 25.6 17:30 18.4 02:45 71 1010.0 0.4 6.3 17.7 11:15 N-NW -------------------------------------------------------------------------------------------------------------- Avg: 22.4 33.3 20 11.4 2 57 1014.0 11.4 5.4 35.4 5 N-NW Distribution WD Values 3277 Distribution WD N-NO 14.251% Distribution WD NO 7.324% Distribution WD NO-O 9.643% Distribution WD O 8.026% Distribution WD O-SO 5.920% Distribution WD SO 3.814% Distribution WD SO-S 3.509% Distribution WD S 1.709% Distribution WD S-SW 1.495% Distribution WD SW 5.615% Distribution WD SW-W 4.364% Distribution WD W 1.099% Distribution WD W-NW 0.366% Distribution WD NW 1.038% Distribution WD NW-N 15.990% Distribution WD N 15.838% Rain days >0.0 l/m² Month 4 Rain days >2.0 l/m² Month 1 Rain days >20.0 l/m² Month 0 Ice days max < 0°C 0 Cold days min <= 0°C 0 Cool days max < 10°C 0 Summer days max >=25°C 28 Hot days max >=30°C 9 Last year same Month: Ice days max < 0°C 0 Last year same Month: Cold days min <= 0°C 0 Last year same Month: Cool days max < 10°C 0 Last year same Month: Summer days max >=25°C 24 Last year same Month: Hot days max >=30°C 8 © 1999-2022 Werner Krenn - Wetterstation Bedien- und Auswertesoftware - V2.99.9.0