MONTHLY CLIMATOLOGICAL SUMMARY for Oktober 2023 CITY: Mannheim-Seckenheim ELEV: 96 m LAT: 49° 28' 7" LONG: 8° 33' 26" TEMPERATURE (°C), BAROMETER (hPa), RAIN (l/m²), WIND SPEED (km/h) MEAN TEMPERATURE WIND DOM DAY TEMP HIGH TIME LOW TIME HUM Baro Rain SPEED HIGH TIME DIR -------------------------------------------------------------------------------------------------------------- 1 15.7 24.2 16:30 9.5 06:55 80 1024.0 0.0 1.9 14.5 14:15 S 2 17.3 26.7 16:40 10.6 07:20 80 1019.9 0.0 1.6 12.9 14:10 O-SO 3 18.5 25.6 13:00 12.1 23:45 79 1016.8 3.4 7.0 27.4 15:30 SW 4 13.5 18.7 13:45 9.8 07:40 83 1027.0 0.2 2.2 14.5 13:15 W-SW 5 12.7 17.3 14:00 10.1 02:30 85 1025.6 0.0 1.6 11.3 09:20 S-SO 6 12.2 19.5 16:40 6.7 07:45 85 1025.2 0.2 1.2 8.0 11:15 S 7 14.7 21.3 16:15 8.8 07:20 79 1023.7 0.0 2.6 14.5 14:40 SW 8 16.5 23.1 15:30 12.5 06:35 79 1023.4 0.0 0.5 8.0 12:40 S-SW 9 17.5 24.4 15:35 14.2 06:20 75 1020.0 0.0 1.9 12.9 14:50 SW 10 16.1 23.5 16:35 10.4 07:30 77 1019.6 0.0 1.7 12.9 13:05 S-SO 11 19.2 27.2 16:05 14.4 07:20 68 1016.1 0.0 4.7 17.7 13:55 S-SO 12 17.9 21.1 11:15 16.2 05:25 81 1014.6 1.2 1.5 11.3 03:55 S-SO 13 21.1 27.4 15:55 15.4 06:00 64 1010.8 0.0 5.7 25.7 14:00 S-SO 14 17.8 22.8 04:05 10.7 23:55 62 1010.6 0.0 11.3 25.7 05:15 SW 15 9.5 14.2 15:05 4.9 23:55 74 1019.7 0.0 4.8 24.1 12:40 N 16 7.2 13.8 16:45 1.6 07:25 77 1021.0 0.0 0.9 9.7 16:10 N-NO 17 7.6 12.8 16:10 3.7 04:40 78 1016.3 0.0 0.6 9.7 16:00 O-NO 18 9.5 15.6 14:55 2.9 08:30 79 1006.9 7.0 0.9 11.3 19:00 O 19 14.6 18.1 12:50 11.8 00:50 94 994.2 6.2 3.1 14.5 20:55 S-SO 20 15.3 18.3 15:20 13.9 21:55 92 982.3 3.0 4.0 17.7 11:40 S-SO 21 15.6 19.1 13:10 12.1 23:35 75 995.8 0.2 9.5 27.4 03:10 SW 22 12.8 18.3 15:15 9.6 23:50 78 1008.5 0.0 5.2 24.1 13:00 SW 23 9.9 13.6 15:55 5.5 08:40 90 1010.6 3.8 0.4 8.0 21:35 SW 24 12.4 14.7 16:25 9.3 22:15 94 1004.5 3.6 1.9 11.3 14:50 S-SO 25 11.5 13.7 17:45 8.3 08:45 95 998.4 12.4 4.5 16.1 13:00 SO 26 12.2 14.6 16:50 10.5 08:45 95 995.5 2.8 1.9 19.3 01:15 S-SO 27 12.0 14.6 13:40 10.6 00:30 91 994.3 3.4 5.0 22.5 16:05 SW 28 12.2 14.4 13:10 10.5 07:40 89 1000.3 0.6 7.1 20.9 15:00 S-SO 29 13.5 16.0 15:15 12.3 21:45 87 1000.1 14.2 5.8 19.3 08:10 S-SO 30 13.6 16.3 14:20 11.7 06:20 92 1001.0 10.8 2.9 19.3 03:10 S-SO 31 12.2 14.8 13:55 10.4 03:40 89 1004.2 0.8 5.8 17.7 01:50 SW -------------------------------------------------------------------------------------------------------------- Avg: 13.9 27.4 13 1.6 16 82 1010.7 73.8 3.5 27.4 3 S-SO Distribution WD Values 1764 Distribution WD N-NO 1.304% Distribution WD NO 0.340% Distribution WD NO-O 0.624% Distribution WD O 1.020% Distribution WD O-SO 1.644% Distribution WD SO 9.410% Distribution WD SO-S 25.624% Distribution WD S 6.973% Distribution WD S-SW 7.880% Distribution WD SW 25.340% Distribution WD SW-W 7.993% Distribution WD W 1.587% Distribution WD W-NW 0.454% Distribution WD NW 0.624% Distribution WD NW-N 4.422% Distribution WD N 4.762% Rain days >0.0 l/m² Month 17 Rain days >2.0 l/m² Month 11 Rain days >20.0 l/m² Month 0 Ice days max < 0°C 0 Cold days min <= 0°C 0 Cool days max < 10°C 0 Summer days max >=25°C 4 Hot days max >=30°C 0 Last year same Month: Ice days max < 0°C 0 Last year same Month: Cold days min <= 0°C 0 Last year same Month: Cool days max < 10°C 0 Last year same Month: Summer days max >=25°C 0 Last year same Month: Hot days max >=30°C 0 © 1999-2022 Werner Krenn - Wetterstation Bedien- und Auswertesoftware - V2.99.9.0