MONTHLY CLIMATOLOGICAL SUMMARY for November 2023 CITY: Mannheim-Seckenheim ELEV: 96 m LAT: 49° 28' 7" LONG: 8° 33' 26" TEMPERATURE (°C), BAROMETER (hPa), RAIN (l/m²), WIND SPEED (km/h) MEAN TEMPERATURE WIND DOM DAY TEMP HIGH TIME LOW TIME HUM Baro Rain SPEED HIGH TIME DIR -------------------------------------------------------------------------------------------------------------- 1 12.9 15.9 12:50 10.3 23:25 84 1004.6 0.6 5.6 17.7 12:40 S-SO 2 11.1 13.0 14:45 7.8 23:45 84 988.6 3.8 10.6 27.4 09:35 S-SO 3 9.0 11.3 14:25 6.6 23:55 85 989.3 0.2 5.0 14.5 08:15 SW 4 8.9 11.7 13:15 6.4 00:15 86 985.9 2.4 9.2 22.5 13:35 S-SO 5 11.2 13.1 13:40 9.8 01:30 87 984.5 3.2 11.5 25.7 13:25 SW 6 10.9 13.9 12:50 8.4 21:50 86 1005.1 2.2 7.8 22.5 10:15 SW 7 9.3 11.4 14:45 7.0 23:35 89 1012.8 0.6 6.8 17.7 11:45 SW 8 8.9 11.9 14:35 6.8 03:30 85 1015.3 0.0 5.6 22.5 14:40 SW 9 8.9 11.8 15:05 7.4 02:35 85 1006.1 1.4 7.1 25.7 15:55 S-SO 10 9.2 11.3 13:45 7.8 21:15 84 1000.9 0.0 8.3 25.7 15:50 S-SO 11 7.5 10.3 15:00 4.3 23:45 83 1005.1 3.4 8.4 30.6 10:40 SW 12 6.2 9.8 12:25 3.0 07:55 89 1007.7 1.4 1.0 9.7 12:30 S 13 11.1 14.8 20:25 6.2 00:00 95 1006.6 11.2 7.1 29.0 20:55 S-SO 14 12.2 13.4 00:00 10.6 20:30 81 1007.8 0.4 10.0 29.0 23:00 SW 15 11.5 12.9 11:50 10.0 23:55 82 1015.7 4.2 9.4 29.0 03:05 SW 16 8.5 10.0 00:00 7.2 23:10 91 1012.2 6.2 2.1 14.5 23:40 NO 17 7.4 8.8 13:30 5.8 21:40 94 1018.6 3.2 2.3 20.9 00:10 N-NW 18 7.1 8.7 15:20 4.7 04:50 93 1022.2 3.0 3.9 19.3 19:35 S-SO 19 12.5 16.3 13:10 8.5 00:20 84 1013.1 4.4 10.2 27.4 11:30 SW 20 11.5 13.5 14:10 9.3 22:45 83 1011.3 1.8 8.1 25.7 13:25 SW 21 9.5 10.9 15:05 7.6 23:55 93 1013.3 3.2 4.4 19.3 23:10 N-NW 22 3.1 7.5 00:00 0.7 23:30 81 1026.7 0.8 4.3 16.1 00:40 N-NO 23 4.3 8.0 22:55 0.5 05:45 88 1023.8 0.0 6.1 19.3 20:35 S-SO 24 6.7 9.1 03:45 4.3 23:55 88 1009.6 6.6 9.2 27.4 23:15 SW 25 4.2 6.2 15:40 1.2 06:05 86 1010.8 1.8 7.8 29.0 21:45 W-SW 26 3.7 6.8 13:10 0.4 03:50 92 1015.4 1.6 1.2 12.9 14:10 SW 27 3.6 4.6 12:50 2.8 20:00 92 1003.2 9.0 5.7 22.5 13:00 S-SO 28 2.4 5.0 05:20 0.6 21:45 90 1000.3 3.8 8.5 30.6 05:35 N-NW 29 1.6 3.8 13:25 -1.8 03:10 89 1005.5 0.0 4.6 24.1 09:50 SW 30 3.1 5.6 14:05 0.7 08:00 87 1000.3 0.0 0.1 6.4 03:40 N -------------------------------------------------------------------------------------------------------------- Avg: 7.9 16.3 19 -1.8 29 87 1007.4 80.4 6.4 30.6 11 SW Distribution WD Values 3436 Distribution WD N-NO 1.630% Distribution WD NO 0.262% Distribution WD NO-O 0.233% Distribution WD O 0.466% Distribution WD O-SO 0.786% Distribution WD SO 6.286% Distribution WD SO-S 23.108% Distribution WD S 4.657% Distribution WD S-SW 6.374% Distribution WD SW 28.900% Distribution WD SW-W 14.348% Distribution WD W 1.542% Distribution WD W-NW 0.378% Distribution WD NW 0.320% Distribution WD NW-N 7.247% Distribution WD N 3.463% Rain days >0.0 l/m² Month 25 Rain days >2.0 l/m² Month 15 Rain days >20.0 l/m² Month 0 Ice days max < 0°C 0 Cold days min <= 0°C 1 Cool days max < 10°C 12 Summer days max >=25°C 0 Hot days max >=30°C 0 Last year same Month: Ice days max < 0°C 0 Last year same Month: Cold days min <= 0°C 0 Last year same Month: Cool days max < 10°C 11 Last year same Month: Summer days max >=25°C 0 Last year same Month: Hot days max >=30°C 0 © 1999-2022 Werner Krenn - Wetterstation Bedien- und Auswertesoftware - V2.99.9.0